CRAN Package Check Results for Package kmBlock

Last updated on 2025-07-20 12:49:28 CEST.

Flavor Version Tinstall Tcheck Ttotal Status Flags
r-devel-linux-x86_64-debian-clang 0.1.2 25.38 58.47 83.85 NOTE
r-devel-linux-x86_64-debian-gcc 0.1.2 18.78 45.61 64.39 NOTE
r-devel-linux-x86_64-fedora-clang 0.1.2 134.40 OK
r-devel-linux-x86_64-fedora-gcc 0.1.2 131.33 OK
r-devel-windows-x86_64 0.1.2 31.00 90.00 121.00 NOTE
r-patched-linux-x86_64 0.1.2 26.46 56.46 82.92 NOTE
r-release-linux-x86_64 0.1.2 27.25 56.27 83.52 NOTE
r-release-macos-arm64 0.1.2 41.00 OK
r-release-macos-x86_64 0.1.2 79.00 OK
r-release-windows-x86_64 0.1.2 30.00 90.00 120.00 NOTE
r-oldrel-macos-arm64 0.1.2 39.00 OK
r-oldrel-macos-x86_64 0.1.2 81.00 OK
r-oldrel-windows-x86_64 0.1.2 38.00 109.00 147.00 OK

Check Details

Version: 0.1.2
Check: Rd cross-references
Result: NOTE Found the following Rd file(s) with Rd \link{} targets missing package anchors: kmBlockORPC.Rd: genRandomPar Please provide package anchors for all Rd \link{} targets not in the package itself and the base packages. Flavors: r-devel-linux-x86_64-debian-clang, r-devel-linux-x86_64-debian-gcc, r-devel-windows-x86_64, r-patched-linux-x86_64, r-release-linux-x86_64, r-release-windows-x86_64