CRAN Package Check Results for Package kin.cohort

Last updated on 2025-07-20 01:49:31 CEST.

Flavor Version Tinstall Tcheck Ttotal Status Flags
r-devel-linux-x86_64-debian-clang 0.7 8.14 59.83 67.97 NOTE
r-devel-linux-x86_64-debian-gcc 0.7 5.22 45.22 50.44 NOTE
r-devel-linux-x86_64-fedora-clang 0.7 102.29 OK
r-devel-linux-x86_64-fedora-gcc 0.7 97.81 OK
r-devel-windows-x86_64 0.7 8.00 79.00 87.00 OK
r-patched-linux-x86_64 0.7 7.28 56.87 64.15 OK
r-release-linux-x86_64 0.7 6.66 57.12 63.78 OK
r-release-macos-arm64 0.7 35.00 OK
r-release-macos-x86_64 0.7 65.00 OK
r-release-windows-x86_64 0.7 9.00 74.00 83.00 OK
r-oldrel-macos-arm64 0.7 32.00 OK
r-oldrel-macos-x86_64 0.7 47.00 OK
r-oldrel-windows-x86_64 0.7 12.00 85.00 97.00 OK

Check Details

Version: 0.7
Check: CRAN incoming feasibility
Result: NOTE Maintainer: ‘Victor Moreno <v.moreno@iconcologia.net>’ No Authors@R field in DESCRIPTION. Please add one, modifying Authors@R: c(person(given = "Victor", family = "Moreno", role = c("aut", "cre"), email = "v.moreno@iconcologia.net"), person(given = "Nilanjan", family = "Chatterjee", role = "aut"), person(given = "Bhramar", family = "Mukherjee", role = "aut")) as necessary. Flavors: r-devel-linux-x86_64-debian-clang, r-devel-linux-x86_64-debian-gcc