CRAN Package Check Results for Package keyplayer

Last updated on 2025-07-21 12:50:05 CEST.

Flavor Version Tinstall Tcheck Ttotal Status Flags
r-devel-linux-x86_64-debian-clang 1.0.4 2.78 26.52 29.30 NOTE
r-devel-linux-x86_64-debian-gcc 1.0.4 2.04 20.70 22.74 NOTE
r-devel-linux-x86_64-fedora-clang 1.0.4 43.33 OK
r-devel-linux-x86_64-fedora-gcc 1.0.4 45.49 OK
r-devel-windows-x86_64 1.0.4 5.00 47.00 52.00 OK
r-patched-linux-x86_64 1.0.4 3.36 24.84 28.20 OK
r-release-linux-x86_64 1.0.4 2.10 24.95 27.05 OK
r-release-macos-arm64 1.0.4 23.00 OK
r-release-macos-x86_64 1.0.4 30.00 OK
r-release-windows-x86_64 1.0.4 5.00 46.00 51.00 OK
r-oldrel-macos-arm64 1.0.4 17.00 OK
r-oldrel-macos-x86_64 1.0.4 25.00 OK
r-oldrel-windows-x86_64 1.0.4 5.00 52.00 57.00 OK

Check Details

Version: 1.0.4
Check: CRAN incoming feasibility
Result: NOTE Maintainer: ‘Weihua An <weihua.an@emory.edu>’ No Authors@R field in DESCRIPTION. Please add one, modifying Authors@R: c(person(given = c("Weihua", "An;", "Yu-Hsin"), family = "Liu", role = "aut"), person(given = "Weihua", family = "An", role = "cre", email = "weihua.an@emory.edu")) as necessary. Flavors: r-devel-linux-x86_64-debian-clang, r-devel-linux-x86_64-debian-gcc