CRAN Package Check Results for Package kehra

Last updated on 2025-07-20 01:49:31 CEST.

Flavor Version Tinstall Tcheck Ttotal Status Flags
r-devel-linux-x86_64-debian-clang 0.1 32.40 256.85 289.25 NOTE
r-devel-linux-x86_64-debian-gcc 0.1 22.01 164.90 186.91 NOTE
r-devel-linux-x86_64-fedora-clang 0.1 449.30 OK
r-devel-linux-x86_64-fedora-gcc 0.1 431.51 OK
r-devel-windows-x86_64 0.1 28.00 194.00 222.00 OK
r-patched-linux-x86_64 0.1 29.12 242.40 271.52 OK
r-release-linux-x86_64 0.1 27.80 244.18 271.98 OK
r-release-macos-arm64 0.1 86.00 OK
r-release-macos-x86_64 0.1 189.00 OK
r-release-windows-x86_64 0.1 27.00 198.00 225.00 OK
r-oldrel-macos-arm64 0.1 86.00 OK
r-oldrel-macos-x86_64 0.1 144.00 OK
r-oldrel-windows-x86_64 0.1 41.00 267.00 308.00 OK

Check Details

Version: 0.1
Check: CRAN incoming feasibility
Result: NOTE Maintainer: ‘Claudia Vitolo <cvitolodev@gmail.com>’ No Authors@R field in DESCRIPTION. Please add one, modifying Authors@R: c(person(given = "Claudia", family = "Vitolo", role = c("aut", "cre"), email = "cvitolodev@gmail.com"), person(given = "Allan", family = "Tucker", role = "aut"), person(given = "Andrew", family = "Russell", role = "aut")) as necessary. The Description field contains http://www.brunel.ac.uk/ife/britishcouncil). It refers to the Please enclose URLs in angle brackets (<...>). Flavors: r-devel-linux-x86_64-debian-clang, r-devel-linux-x86_64-debian-gcc