CRAN Package Check Results for Package kantorovich

Last updated on 2025-04-29 01:49:37 CEST.

Flavor Version Tinstall Tcheck Ttotal Status Flags
r-devel-linux-x86_64-debian-clang 3.2.0 15.41 129.85 145.26 NOTE
r-devel-linux-x86_64-debian-gcc 3.2.0 11.03 97.07 108.10 NOTE
r-devel-linux-x86_64-fedora-clang 3.2.0 249.54 NOTE
r-devel-linux-x86_64-fedora-gcc 3.2.0 241.75 NOTE
r-devel-windows-x86_64 3.2.0 15.00 122.00 137.00 NOTE
r-patched-linux-x86_64 3.2.0 12.98 125.34 138.32 NOTE
r-release-linux-x86_64 3.2.0 14.12 124.16 138.28 NOTE
r-release-macos-arm64 3.2.0 83.00 NOTE
r-release-macos-x86_64 3.2.0 142.00 NOTE
r-release-windows-x86_64 3.2.0 15.00 128.00 143.00 NOTE
r-oldrel-macos-arm64 3.2.0 80.00 OK
r-oldrel-macos-x86_64 3.2.0 123.00 OK
r-oldrel-windows-x86_64 3.2.0 19.00 162.00 181.00 OK

Check Details

Version: 3.2.0
Check: DESCRIPTION meta-information
Result: NOTE Missing dependency on R >= 4.1.0 because package code uses the pipe |> or function shorthand \(...) syntax added in R 4.1.0. File(s) using such syntax: ‘kantorovich_ompr.R’ Flavors: r-devel-linux-x86_64-debian-clang, r-devel-linux-x86_64-debian-gcc, r-devel-linux-x86_64-fedora-clang, r-devel-linux-x86_64-fedora-gcc, r-devel-windows-x86_64, r-patched-linux-x86_64, r-release-linux-x86_64, r-release-macos-arm64, r-release-macos-x86_64, r-release-windows-x86_64

Version: 3.2.0
Check: CRAN incoming feasibility
Result: NOTE Maintainer: ‘Stéphane Laurent <laurent_step@outlook.fr>’ No Authors@R field in DESCRIPTION. Please add one, modifying Authors@R: person(given = "Stéphane", family = "Laurent", role = c("aut", "cre"), email = "laurent_step@outlook.fr") as necessary. Flavor: r-devel-linux-x86_64-debian-gcc