Last updated on 2025-02-22 00:49:48 CET.
Flavor | Version | Tinstall | Tcheck | Ttotal | Status | Flags |
---|---|---|---|---|---|---|
r-devel-linux-x86_64-debian-clang | 3.2.0 | 13.74 | 130.89 | 144.63 | NOTE | |
r-devel-linux-x86_64-debian-gcc | 3.2.0 | 10.65 | 93.69 | 104.34 | NOTE | |
r-devel-linux-x86_64-fedora-clang | 3.2.0 | 231.64 | NOTE | |||
r-devel-linux-x86_64-fedora-gcc | 3.2.0 | 240.74 | NOTE | |||
r-devel-macos-arm64 | 3.2.0 | 73.00 | OK | |||
r-devel-macos-x86_64 | 3.2.0 | 140.00 | NOTE | |||
r-devel-windows-x86_64 | 3.2.0 | 15.00 | 121.00 | 136.00 | NOTE | |
r-patched-linux-x86_64 | 3.2.0 | 12.52 | 116.46 | 128.98 | OK | |
r-release-linux-x86_64 | 3.2.0 | 12.56 | 120.59 | 133.15 | OK | |
r-release-macos-arm64 | 3.2.0 | 80.00 | OK | |||
r-release-macos-x86_64 | 3.2.0 | 123.00 | OK | |||
r-release-windows-x86_64 | 3.2.0 | 14.00 | 122.00 | 136.00 | OK | |
r-oldrel-macos-arm64 | 3.2.0 | 76.00 | OK | |||
r-oldrel-macos-x86_64 | 3.2.0 | 150.00 | OK | |||
r-oldrel-windows-x86_64 | 3.2.0 | 19.00 | 149.00 | 168.00 | OK |
Version: 3.2.0
Check: DESCRIPTION meta-information
Result: NOTE
Missing dependency on R >= 4.1.0 because package code uses the pipe
|> or function shorthand \(...) syntax added in R 4.1.0.
File(s) using such syntax:
‘kantorovich_ompr.R’
Flavors: r-devel-linux-x86_64-debian-clang, r-devel-linux-x86_64-debian-gcc, r-devel-linux-x86_64-fedora-clang, r-devel-linux-x86_64-fedora-gcc, r-devel-macos-x86_64, r-devel-windows-x86_64