Last updated on 2025-04-29 01:49:37 CEST.
Flavor | Version | Tinstall | Tcheck | Ttotal | Status | Flags |
---|---|---|---|---|---|---|
r-devel-linux-x86_64-debian-clang | 1.1.2 | 13.31 | 212.83 | 226.14 | NOTE | |
r-devel-linux-x86_64-debian-gcc | 1.1.2 | 10.42 | 157.44 | 167.86 | NOTE | |
r-devel-linux-x86_64-fedora-clang | 1.1.2 | 359.98 | NOTE | |||
r-devel-linux-x86_64-fedora-gcc | 1.1.2 | 356.80 | NOTE | |||
r-devel-windows-x86_64 | 1.1.2 | 16.00 | 200.00 | 216.00 | NOTE | |
r-patched-linux-x86_64 | 1.1.2 | 13.79 | 214.26 | 228.05 | NOTE | |
r-release-linux-x86_64 | 1.1.2 | 14.82 | 213.17 | 227.99 | NOTE | |
r-release-macos-arm64 | 1.1.2 | 108.00 | NOTE | |||
r-release-macos-x86_64 | 1.1.2 | 233.00 | NOTE | |||
r-release-windows-x86_64 | 1.1.2 | 16.00 | 204.00 | 220.00 | NOTE | |
r-oldrel-macos-arm64 | 1.1.2 | 89.00 | NOTE | |||
r-oldrel-macos-x86_64 | 1.1.2 | 191.00 | NOTE | |||
r-oldrel-windows-x86_64 | 1.1.2 | 20.00 | 269.00 | 289.00 | NOTE |
Version: 1.1.2
Check: Rd files
Result: NOTE
checkRd: (-1) jrt.Rd:45-46: Lost braces
45 | \item{Difference models (more or less constrained versions of the
| ^
checkRd: (-1) jrt.Rd:54-55: Lost braces
54 | \item{Divide-by-total models (more or less constrained versions of the
| ^
Flavors: r-devel-linux-x86_64-debian-clang, r-devel-linux-x86_64-debian-gcc, r-devel-linux-x86_64-fedora-clang, r-devel-linux-x86_64-fedora-gcc, r-devel-windows-x86_64, r-patched-linux-x86_64, r-release-linux-x86_64, r-release-macos-arm64, r-release-macos-x86_64, r-release-windows-x86_64, r-oldrel-macos-arm64, r-oldrel-macos-x86_64, r-oldrel-windows-x86_64
Version: 1.1.2
Check: examples
Result: NOTE
Examples with CPU (user + system) or elapsed time > 5s
user system elapsed
info.plot 3.895 0.439 5.843
Flavor: r-devel-linux-x86_64-debian-gcc