Last updated on 2024-08-16 12:49:11 CEST.
Flavor | Version | Tinstall | Tcheck | Ttotal | Status | Flags |
---|---|---|---|---|---|---|
r-devel-linux-x86_64-debian-clang | 0.2.2 | 5.32 | 100.91 | 106.23 | OK | |
r-devel-linux-x86_64-debian-gcc | 0.2.2 | 3.47 | 78.30 | 81.77 | OK | |
r-devel-linux-x86_64-fedora-clang | 0.2.2 | 199.50 | OK | |||
r-devel-linux-x86_64-fedora-gcc | 0.2.2 | 178.72 | OK | |||
r-devel-windows-x86_64 | 0.2.2 | 6.00 | 118.00 | 124.00 | OK | |
r-patched-linux-x86_64 | 0.2.2 | 6.88 | 104.37 | 111.25 | OK | |
r-release-linux-x86_64 | 0.2.2 | 4.29 | 100.80 | 105.09 | OK | |
r-release-macos-arm64 | 0.2.2 | 69.00 | OK | |||
r-release-macos-x86_64 | 0.2.2 | 169.00 | OK | |||
r-release-windows-x86_64 | 0.2.2 | 8.00 | 119.00 | 127.00 | OK | |
r-oldrel-macos-arm64 | 0.2.2 | 95.00 | ERROR | |||
r-oldrel-macos-x86_64 | 0.2.2 | 150.00 | ERROR | |||
r-oldrel-windows-x86_64 | 0.2.2 | 8.00 | 139.00 | 147.00 | OK |
Version: 0.2.2
Check: running R code from vignettes
Result: ERROR
Errors in running code in vignettes:
when running code in ‘main-functionalities.Rmd’
...
7: 6 NA NA 13 y
> joyn(x3, y3, by = "id", match_type = "1:1")
✖ Error: table x is not uniquely identified by id
✖ Error: table y is not uniquely identified by id
When sourcing ‘main-functionalities.R’:
Error: match type inconsistency
ℹ set verbose to TRUE to see where the issue is
Execution halted
when running code in ‘messages.Rmd’
...
⚠ Warning: Currently, joyn allows only na_matches = 'na'
> x_empty = data.table()
> joyn(x = x_empty, y = y1)
✖ Error: Input table x has no columns.
When sourcing ‘messages.R’:
Error: wrong input specification
Execution halted
‘adv-functionalities.Rmd’ using ‘UTF-8’... [1s/1s] OK
‘aux-functions.Rmd’ using ‘UTF-8’... [1s/1s] OK
‘dplyr-joins.Rmd’ using ‘UTF-8’... [1s/1s] OK
‘main-functionalities.Rmd’ using ‘UTF-8’... failed
‘merge-wrapper.Rmd’ using ‘UTF-8’... [1s/1s] OK
‘messages.Rmd’ using ‘UTF-8’... failed
Flavor: r-oldrel-macos-arm64
Version: 0.2.2
Check: running R code from vignettes
Result: ERROR
Errors in running code in vignettes:
when running code in ‘main-functionalities.Rmd’
...
7: 6 NA NA 13 y
> joyn(x3, y3, by = "id", match_type = "1:1")
✖ Error: table x is not uniquely identified by id
✖ Error: table y is not uniquely identified by id
When sourcing ‘main-functionalities.R’:
Error: match type inconsistency
ℹ set verbose to TRUE to see where the issue is
Execution halted
when running code in ‘messages.Rmd’
...
⚠ Warning: Currently, joyn allows only na_matches = 'na'
> x_empty = data.table()
> joyn(x = x_empty, y = y1)
✖ Error: Input table x has no columns.
When sourcing ‘messages.R’:
Error: wrong input specification
Execution halted
‘adv-functionalities.Rmd’ using ‘UTF-8’... [1s/2s] OK
‘aux-functions.Rmd’ using ‘UTF-8’... [1s/1s] OK
‘dplyr-joins.Rmd’ using ‘UTF-8’... [2s/3s] OK
‘main-functionalities.Rmd’ using ‘UTF-8’... failed
‘merge-wrapper.Rmd’ using ‘UTF-8’... [1s/2s] OK
‘messages.Rmd’ using ‘UTF-8’... failed
Flavor: r-oldrel-macos-x86_64