Last updated on 2025-05-20 12:50:00 CEST.
Flavor | Version | Tinstall | Tcheck | Ttotal | Status | Flags |
---|---|---|---|---|---|---|
r-devel-linux-x86_64-debian-clang | 1.0.3 | 8.24 | 69.51 | 77.75 | OK | |
r-devel-linux-x86_64-debian-gcc | 1.0.3 | 5.56 | 52.83 | 58.39 | OK | |
r-devel-linux-x86_64-fedora-clang | 1.0.3 | 127.40 | OK | |||
r-devel-linux-x86_64-fedora-gcc | 1.0.3 | 131.98 | OK | |||
r-devel-windows-x86_64 | 1.0.3 | 15.00 | 125.00 | 140.00 | ERROR | |
r-patched-linux-x86_64 | 1.0.2 | 7.76 | 67.08 | 74.84 | OK | |
r-release-linux-x86_64 | 1.0.3 | 7.08 | 67.46 | 74.54 | OK | |
r-release-macos-arm64 | 1.0.3 | 95.00 | OK | |||
r-release-macos-x86_64 | 124.00 | OK | ||||
r-release-windows-x86_64 | 1.0.3 | 13.00 | 0.00 | 13.00 | FAIL | |
r-oldrel-macos-arm64 | 1.0.3 | 96.00 | OK | |||
r-oldrel-macos-x86_64 | 1.0.3 | 139.00 | OK | |||
r-oldrel-windows-x86_64 | 1.0.2 | 16.00 | 149.00 | 165.00 | OK |
Version: 1.0.3
Check: re-building of vignette outputs
Result: ERROR
Error(s) in re-building vignettes:
--- re-building 'PSSeg.Rmd' using rmarkdown
--- re-building 'dataGeneration.Rmd' using rmarkdown
--- finished re-building 'dataGeneration.Rmd'
SUMMARY: processing the following file failed:
'PSSeg.Rmd'
Error: Vignette re-building failed.
Execution halted
Flavor: r-devel-windows-x86_64
Version: 1.0.3
Check: re-building of vignette outputs
Result: FAIL
Check process probably crashed or hung up for 20 minutes ... killed
Most likely this happened in the example checks (?),
if not, ignore the following last lines of example output:
> getTpFp(res2$bkp, sim$bkp, tol=10, relax = -1) ## true and false positives
TP FP
10 10
>
> ## NA:s in both dimensions at a true breakpoint
> Y[jj-seq(-10, 10), ] <- NA
> res3 <- segmentByRBS(Y, K)
> getTpFp(res3$bkp, sim$bkp, tol=10, relax = -1) ## true and false positives
TP FP
9 11
>
>
>
>
> graphics::par(get("par.postscript", pos = 'CheckExEnv'))
> ### * <FOOTER>
> ###
> cleanEx()
> options(digits = 7L)
> base::cat("Time elapsed: ", proc.time() - base::get("ptime", pos = 'CheckExEnv'),"\n")
Time elapsed: 20.28 1.79 22.25 NA NA
> grDevices::dev.off()
null device
1
> ###
> ### Local variables: ***
> ### mode: outline-minor ***
> ### outline-regexp: "\\(> \\)?### [*]+" ***
> ### End: ***
> quit('no')
======== End of example output (where/before crash/hang up occured ?) ========
Flavor: r-release-windows-x86_64