Last updated on 2025-04-29 01:49:37 CEST.
Flavor | Version | Tinstall | Tcheck | Ttotal | Status | Flags |
---|---|---|---|---|---|---|
r-devel-linux-x86_64-debian-clang | 0.1.0 | 2.01 | 22.32 | 24.33 | OK | |
r-devel-linux-x86_64-debian-gcc | 0.1.0 | 1.60 | 18.80 | 20.40 | NOTE | |
r-devel-linux-x86_64-fedora-clang | 0.1.0 | 38.55 | OK | |||
r-devel-linux-x86_64-fedora-gcc | 0.1.0 | 37.15 | OK | |||
r-devel-windows-x86_64 | 0.1.0 | 3.00 | 44.00 | 47.00 | OK | |
r-patched-linux-x86_64 | 0.1.0 | 2.13 | 21.66 | 23.79 | OK | |
r-release-linux-x86_64 | 0.1.0 | 2.00 | 21.77 | 23.77 | OK | |
r-release-macos-arm64 | 0.1.0 | 19.00 | OK | |||
r-release-macos-x86_64 | 0.1.0 | 30.00 | OK | |||
r-release-windows-x86_64 | 0.1.0 | 4.00 | 46.00 | 50.00 | OK | |
r-oldrel-macos-arm64 | 0.1.0 | 17.00 | OK | |||
r-oldrel-macos-x86_64 | 0.1.0 | 23.00 | OK | |||
r-oldrel-windows-x86_64 | 0.1.0 | 4.00 | 48.00 | 52.00 | OK |
Version: 0.1.0
Check: CRAN incoming feasibility
Result: NOTE
Maintainer: ‘Maciej Beręsewicz <maciej.beresewicz@ue.poznan.pl>’
The Description field contains
details <arXiv:2308.13281>.
Please refer to arXiv e-prints via their arXiv DOI <doi:10.48550/arXiv.YYMM.NNNNN>.
Flavor: r-devel-linux-x86_64-debian-gcc