Last updated on 2025-05-19 12:50:07 CEST.
Flavor | Version | Tinstall | Tcheck | Ttotal | Status | Flags |
---|---|---|---|---|---|---|
r-devel-linux-x86_64-debian-clang | 3.16 | 9.37 | 68.23 | 77.60 | NOTE | |
r-devel-linux-x86_64-debian-gcc | 3.16 | 5.75 | 50.61 | 56.36 | NOTE | |
r-devel-linux-x86_64-fedora-clang | 3.16 | 117.79 | OK | |||
r-devel-linux-x86_64-fedora-gcc | 3.16 | 115.05 | OK | |||
r-devel-windows-x86_64 | 3.16 | 9.00 | 94.00 | 103.00 | OK | |
r-patched-linux-x86_64 | 3.16 | 9.28 | 65.05 | 74.33 | OK | |
r-release-linux-x86_64 | 3.16 | 7.07 | 64.95 | 72.02 | OK | |
r-release-macos-arm64 | 3.16 | 39.00 | OK | |||
r-release-macos-x86_64 | 3.16 | 62.00 | OK | |||
r-release-windows-x86_64 | 3.16 | 9.00 | 93.00 | 102.00 | OK | |
r-oldrel-macos-arm64 | 3.16 | 36.00 | OK | |||
r-oldrel-macos-x86_64 | 3.16 | 52.00 | OK | |||
r-oldrel-windows-x86_64 | 3.16 | 12.00 | 99.00 | 111.00 | OK |
Version: 3.16
Check: CRAN incoming feasibility
Result: NOTE
Maintainer: ‘Takeshi Emura <takeshiemura@gmail.com>’
No Authors@R field in DESCRIPTION.
Please add one, modifying
Authors@R: person(given = "Takeshi",
family = "Emura",
role = c("aut", "cre"),
email = "takeshiemura@gmail.com")
as necessary.
Flavors: r-devel-linux-x86_64-debian-clang, r-devel-linux-x86_64-debian-gcc