Last updated on 2025-04-29 01:49:36 CEST.
Flavor | Version | Tinstall | Tcheck | Ttotal | Status | Flags |
---|---|---|---|---|---|---|
r-devel-linux-x86_64-debian-clang | 1.12.2 | 10.40 | 70.01 | 80.41 | NOTE | |
r-devel-linux-x86_64-debian-gcc | 1.12.2 | 7.38 | 53.23 | 60.61 | NOTE | |
r-devel-linux-x86_64-fedora-clang | 1.12.2 | 123.98 | NOTE | |||
r-devel-linux-x86_64-fedora-gcc | 1.12.2 | 117.43 | NOTE | |||
r-devel-windows-x86_64 | 1.12.2 | 12.00 | 94.00 | 106.00 | NOTE | |
r-patched-linux-x86_64 | 1.12.2 | 8.92 | 70.47 | 79.39 | NOTE | |
r-release-linux-x86_64 | 1.12.2 | 11.51 | 69.88 | 81.39 | NOTE | |
r-release-macos-arm64 | 1.12.2 | 38.00 | NOTE | |||
r-release-macos-x86_64 | 1.12.2 | 72.00 | NOTE | |||
r-release-windows-x86_64 | 1.12.2 | 14.00 | 93.00 | 107.00 | NOTE | |
r-oldrel-macos-arm64 | 1.12.2 | 45.00 | OK | |||
r-oldrel-macos-x86_64 | 1.12.2 | 114.00 | OK | |||
r-oldrel-windows-x86_64 | 1.12.2 | 15.00 | 114.00 | 129.00 | OK |
Version: 1.12.2
Check: DESCRIPTION meta-information
Result: NOTE
Missing dependency on R >= 4.1.0 because package code uses the pipe
|> or function shorthand \(...) syntax added in R 4.1.0.
File(s) using such syntax:
‘itrax_munsell.R’
Flavors: r-devel-linux-x86_64-debian-clang, r-devel-linux-x86_64-debian-gcc, r-devel-linux-x86_64-fedora-clang, r-devel-linux-x86_64-fedora-gcc, r-devel-windows-x86_64, r-patched-linux-x86_64, r-release-linux-x86_64, r-release-macos-arm64, r-release-macos-x86_64, r-release-windows-x86_64
Version: 1.12.2
Check: CRAN incoming feasibility
Result: NOTE
Maintainer: ‘Thomas Bishop <tombishopemail@gmail.com>’
No Authors@R field in DESCRIPTION.
Please add one, modifying
Authors@R: person(given = "Thomas",
family = "Bishop",
role = c("aut", "cre"),
email = "tombishopemail@gmail.com")
as necessary.
Flavor: r-devel-linux-x86_64-debian-gcc