Last updated on 2025-04-29 01:49:36 CEST.
Flavor | Version | Tinstall | Tcheck | Ttotal | Status | Flags |
---|---|---|---|---|---|---|
r-devel-linux-x86_64-debian-clang | 0.8.2 | 13.56 | 242.78 | 256.34 | OK | |
r-devel-linux-x86_64-debian-gcc | 0.8.2 | 10.08 | 186.49 | 196.57 | NOTE | |
r-devel-linux-x86_64-fedora-clang | 0.8.2 | 386.12 | OK | |||
r-devel-linux-x86_64-fedora-gcc | 0.8.2 | 393.12 | OK | |||
r-devel-windows-x86_64 | 0.8.2 | 14.00 | 296.00 | 310.00 | OK | |
r-patched-linux-x86_64 | 0.8.2 | 15.37 | 233.92 | 249.29 | OK | |
r-release-linux-x86_64 | 0.8.2 | 12.23 | 234.59 | 246.82 | OK | |
r-release-macos-arm64 | 0.8.2 | 145.00 | OK | |||
r-release-macos-x86_64 | 0.8.2 | 188.00 | OK | |||
r-release-windows-x86_64 | 0.8.2 | 14.00 | 303.00 | 317.00 | OK | |
r-oldrel-macos-arm64 | 0.8.2 | 131.00 | OK | |||
r-oldrel-macos-x86_64 | 0.8.2 | 177.00 | OK | |||
r-oldrel-windows-x86_64 | 0.8.2 | 21.00 | 360.00 | 381.00 | OK |
Version: 0.8.2
Check: examples
Result: NOTE
Examples with CPU (user + system) or elapsed time > 5s
user system elapsed
read_nhgis 2.364 0.418 13.09
Flavor: r-devel-linux-x86_64-debian-gcc