Last updated on 2025-04-29 01:49:36 CEST.
Flavor | Version | Tinstall | Tcheck | Ttotal | Status | Flags |
---|---|---|---|---|---|---|
r-devel-linux-x86_64-debian-clang | 1.1.1 | 36.06 | 91.45 | 127.51 | OK | |
r-devel-linux-x86_64-debian-gcc | 1.1.1 | 24.40 | 62.34 | 86.74 | NOTE | |
r-devel-linux-x86_64-fedora-clang | 1.1.1 | 204.82 | OK | |||
r-devel-linux-x86_64-fedora-gcc | 1.1.1 | 189.55 | OK | |||
r-devel-windows-x86_64 | 1.1.1 | 38.00 | 108.00 | 146.00 | OK | |
r-patched-linux-x86_64 | 1.1.1 | 36.01 | 88.93 | 124.94 | OK | |
r-release-linux-x86_64 | 1.1.1 | 35.98 | 88.58 | 124.56 | OK | |
r-release-macos-arm64 | 1.1.1 | 53.00 | OK | |||
r-release-macos-x86_64 | 1.1.1 | 106.00 | OK | |||
r-release-windows-x86_64 | 1.1.1 | 42.00 | 108.00 | 150.00 | OK | |
r-oldrel-macos-arm64 | 1.1.1 | 51.00 | OK | |||
r-oldrel-macos-x86_64 | 1.1.1 | 78.00 | OK | |||
r-oldrel-windows-x86_64 | 1.1.1 | 55.00 | 134.00 | 189.00 | OK |
Version: 1.1.1
Check: CRAN incoming feasibility
Result: NOTE
Maintainer: ‘Haytham Omar <haytham@rescaleanalytics.com>’
Found the following (possibly) invalid URLs:
URL: isbn10: 135–136, 152
From: DESCRIPTION
Message: Invalid URI scheme
Flavor: r-devel-linux-x86_64-debian-gcc