Last updated on 2025-07-20 12:49:27 CEST.
Flavor | Version | Tinstall | Tcheck | Ttotal | Status | Flags |
---|---|---|---|---|---|---|
r-devel-linux-x86_64-debian-clang | 0.2.3 | 15.14 | 131.39 | 146.53 | OK | |
r-devel-linux-x86_64-debian-gcc | 0.2.3 | 10.34 | 93.30 | 103.64 | OK | |
r-devel-linux-x86_64-fedora-clang | 0.2.3 | 218.95 | OK | |||
r-devel-linux-x86_64-fedora-gcc | 0.2.3 | 216.92 | OK | |||
r-devel-windows-x86_64 | 0.2.3 | 14.00 | 116.00 | 130.00 | OK | |
r-patched-linux-x86_64 | 0.2.3 | 12.62 | 121.73 | 134.35 | OK | |
r-release-linux-x86_64 | 0.2.3 | 12.31 | 122.96 | 135.27 | OK | |
r-release-macos-arm64 | 0.2.3 | 87.00 | OK | |||
r-release-macos-x86_64 | 0.2.3 | 119.00 | OK | |||
r-release-windows-x86_64 | 0.2.3 | 14.00 | 112.00 | 126.00 | OK | |
r-oldrel-macos-arm64 | 0.2.3 | 62.00 | NOTE | |||
r-oldrel-macos-x86_64 | 0.2.3 | 88.00 | NOTE | |||
r-oldrel-windows-x86_64 | 0.2.3 | 20.00 | 150.00 | 170.00 | NOTE |
Version: 0.2.3
Check: LazyData
Result: NOTE
'LazyData' is specified without a 'data' directory
Flavors: r-oldrel-macos-arm64, r-oldrel-macos-x86_64, r-oldrel-windows-x86_64