Last updated on 2025-02-22 00:49:47 CET.
Flavor | Version | Tinstall | Tcheck | Ttotal | Status | Flags |
---|---|---|---|---|---|---|
r-devel-linux-x86_64-debian-clang | 1.2.0 | 11.78 | 257.99 | 269.77 | OK | |
r-devel-linux-x86_64-debian-gcc | 1.2.0 | 7.72 | 172.42 | 180.14 | OK | |
r-devel-linux-x86_64-fedora-clang | 1.2.0 | 405.74 | NOTE | |||
r-devel-linux-x86_64-fedora-gcc | 1.2.0 | 422.06 | NOTE | |||
r-devel-macos-arm64 | 1.2.0 | 135.00 | OK | |||
r-devel-macos-x86_64 | 1.2.0 | 297.00 | OK | |||
r-devel-windows-x86_64 | 1.2.0 | 11.00 | 225.00 | 236.00 | OK | |
r-patched-linux-x86_64 | 1.2.0 | 10.89 | 230.77 | 241.66 | OK | |
r-release-linux-x86_64 | 1.2.0 | 10.17 | 242.40 | 252.57 | OK | |
r-release-macos-arm64 | 1.2.0 | 115.00 | OK | |||
r-release-macos-x86_64 | 1.2.0 | 347.00 | OK | |||
r-release-windows-x86_64 | 1.2.0 | 11.00 | 219.00 | 230.00 | OK | |
r-oldrel-macos-arm64 | 1.2.0 | 138.00 | OK | |||
r-oldrel-macos-x86_64 | 1.2.0 | 294.00 | OK | |||
r-oldrel-windows-x86_64 | 1.2.0 | 14.00 | 289.00 | 303.00 | OK |
Version: 1.2.0
Check: dependencies in R code
Result: NOTE
Namespace in Imports field not imported from: ‘broom’
All declared Imports should be used.
Flavors: r-devel-linux-x86_64-fedora-clang, r-devel-linux-x86_64-fedora-gcc