CRAN Package Check Results for Package interactionTest

Last updated on 2025-05-19 01:49:56 CEST.

Flavor Version Tinstall Tcheck Ttotal Status Flags
r-devel-linux-x86_64-debian-clang 1.2 1.32 17.08 18.40 NOTE
r-devel-linux-x86_64-debian-gcc 1.2 1.16 14.06 15.22 NOTE
r-devel-linux-x86_64-fedora-clang 1.2 29.47 OK
r-devel-linux-x86_64-fedora-gcc 1.2 28.82 OK
r-devel-windows-x86_64 1.2 4.00 45.00 49.00 OK
r-patched-linux-x86_64 1.2 1.62 16.61 18.23 OK
r-release-linux-x86_64 1.2 1.52 16.64 18.16 OK
r-release-macos-arm64 1.2 15.00 OK
r-release-macos-x86_64 1.2 24.00 OK
r-release-windows-x86_64 1.2 2.00 43.00 45.00 OK
r-oldrel-macos-arm64 1.2 14.00 OK
r-oldrel-macos-x86_64 1.2 21.00 OK
r-oldrel-windows-x86_64 1.2 2.00 38.00 40.00 OK

Check Details

Version: 1.2
Check: CRAN incoming feasibility
Result: NOTE Maintainer: ‘Justin Esarey <justin@justinesarey.com>’ No Authors@R field in DESCRIPTION. Please add one, modifying Authors@R: c(person(given = "Justin", family = "Esarey", role = c("aut", "cre"), email = "justin@justinesarey.com"), person(given = c("Jane", "Lawrence"), family = "Sumner", role = "aut")) as necessary. Flavors: r-devel-linux-x86_64-debian-clang, r-devel-linux-x86_64-debian-gcc