CRAN Package Check Results for Package inldata

Last updated on 2025-04-29 13:51:27 CEST.

Flavor Version Tinstall Tcheck Ttotal Status Flags
r-devel-linux-x86_64-debian-clang 1.2.7 54.05 253.55 307.60 OK
r-devel-linux-x86_64-debian-gcc 1.2.7 36.86 156.48 193.34 OK
r-devel-linux-x86_64-fedora-clang 1.2.7 523.06 OK
r-devel-linux-x86_64-fedora-gcc 1.2.7 503.85 OK
r-devel-windows-x86_64 1.2.7 50.00 244.00 294.00 OK
r-patched-linux-x86_64 1.2.7 54.69 237.78 292.47 OK
r-release-linux-x86_64 1.2.7 54.52 236.86 291.38 OK
r-release-macos-arm64 1.2.7 147.00 OK
r-release-macos-x86_64 1.2.7 308.00 OK
r-release-windows-x86_64 1.2.7 49.00 242.00 291.00 OK
r-oldrel-macos-arm64 1.2.7 141.00 NOTE
r-oldrel-macos-x86_64 1.2.7 248.00 NOTE
r-oldrel-windows-x86_64 1.2.7 64.00 324.00 388.00 NOTE

Check Details

Version: 1.2.7
Check: installed package size
Result: NOTE installed size is 6.3Mb sub-directories of 1Mb or more: data 5.8Mb Flavors: r-oldrel-macos-arm64, r-oldrel-macos-x86_64, r-oldrel-windows-x86_64