CRAN Package Check Results for Package inflection

Last updated on 2025-07-17 12:50:01 CEST.

Flavor Version Tinstall Tcheck Ttotal Status Flags
r-devel-linux-x86_64-debian-clang 1.3.6 2.53 60.92 63.45 NOTE
r-devel-linux-x86_64-debian-gcc 1.3.6 1.81 47.66 49.47 NOTE
r-devel-linux-x86_64-fedora-clang 1.3.7 93.79 OK
r-devel-linux-x86_64-fedora-gcc 1.3.7 115.66 OK
r-devel-windows-x86_64 1.3.6 5.00 95.00 100.00 OK
r-patched-linux-x86_64 1.3.6 2.55 57.40 59.95 OK
r-release-linux-x86_64 1.3.6 2.11 57.38 59.49 OK
r-release-macos-arm64 1.3.6 103.00 OK
r-release-macos-x86_64 1.3.7 140.00 OK
r-release-windows-x86_64 1.3.6 4.00 95.00 99.00 OK
r-oldrel-macos-arm64 1.3.6 46.00 OK
r-oldrel-macos-x86_64 1.3.7 130.00 OK
r-oldrel-windows-x86_64 1.3.6 5.00 106.00 111.00 OK

Check Details

Version: 1.3.6
Check: CRAN incoming feasibility
Result: NOTE Maintainer: ‘Demetris T. Christopoulos <dchristop@econ.uoa.gr>’ No Authors@R field in DESCRIPTION. Please add one, modifying Authors@R: person(given = c("Demetris", "T."), family = "Christopoulos", role = c("aut", "cre"), email = "dchristop@econ.uoa.gr") as necessary. Flavors: r-devel-linux-x86_64-debian-clang, r-devel-linux-x86_64-debian-gcc