Last updated on 2025-05-19 01:49:56 CEST.
Flavor | Version | Tinstall | Tcheck | Ttotal | Status | Flags |
---|---|---|---|---|---|---|
r-devel-linux-x86_64-debian-clang | 0.1.2 | 4.10 | 98.65 | 102.75 | NOTE | |
r-devel-linux-x86_64-debian-gcc | 0.1.2 | 4.05 | 61.95 | 66.00 | NOTE | |
r-devel-linux-x86_64-fedora-clang | 0.1.2 | 165.30 | OK | |||
r-devel-linux-x86_64-fedora-gcc | 0.1.2 | 181.97 | OK | |||
r-devel-windows-x86_64 | 0.1.2 | 7.00 | 113.00 | 120.00 | OK | |
r-patched-linux-x86_64 | 0.1.2 | 5.40 | 93.43 | 98.83 | OK | |
r-release-linux-x86_64 | 0.1.2 | 4.72 | 93.30 | 98.02 | OK | |
r-release-macos-arm64 | 0.1.2 | 46.00 | OK | |||
r-release-macos-x86_64 | 0.1.2 | 112.00 | OK | |||
r-release-windows-x86_64 | 0.1.2 | 7.00 | 109.00 | 116.00 | OK | |
r-oldrel-macos-arm64 | 0.1.2 | 44.00 | OK | |||
r-oldrel-macos-x86_64 | 0.1.2 | 78.00 | OK | |||
r-oldrel-windows-x86_64 | 0.1.2 | 9.00 | 135.00 | 144.00 | OK |
Version: 0.1.2
Check: CRAN incoming feasibility
Result: NOTE
Maintainer: ‘Daniel P. Palomar <daniel.p.palomar@gmail.com>’
Package CITATION file contains call(s) to old-style personList() or
as.personList(). Please use c() on person objects instead.
Package CITATION file contains call(s) to old-style citEntry(). Please
use bibentry() instead.
Flavors: r-devel-linux-x86_64-debian-clang, r-devel-linux-x86_64-debian-gcc