Last updated on 2025-05-05 01:50:49 CEST.
Flavor | Version | Tinstall | Tcheck | Ttotal | Status | Flags |
---|---|---|---|---|---|---|
r-devel-linux-x86_64-debian-clang | 0.1 | 2.96 | 30.06 | 33.02 | OK | |
r-devel-linux-x86_64-debian-gcc | 0.1 | 2.75 | 23.58 | 26.33 | OK | |
r-devel-linux-x86_64-fedora-clang | 0.1 | 52.11 | OK | |||
r-devel-linux-x86_64-fedora-gcc | 0.1 | 50.83 | OK | |||
r-devel-windows-x86_64 | 0.1 | 5.00 | 48.00 | 53.00 | OK | |
r-patched-linux-x86_64 | 0.1 | 3.43 | 28.79 | 32.22 | OK | |
r-release-linux-x86_64 | 0.1 | 3.40 | 28.76 | 32.16 | OK | |
r-release-macos-arm64 | 0.1 | 23.00 | OK | |||
r-release-macos-x86_64 | 0.1 | 42.00 | OK | |||
r-release-windows-x86_64 | 0.1 | 5.00 | 48.00 | 53.00 | OK | |
r-oldrel-macos-arm64 | 0.1 | 20.00 | NOTE | |||
r-oldrel-macos-x86_64 | 0.1 | 30.00 | NOTE | |||
r-oldrel-windows-x86_64 | 0.1 | 6.00 | 56.00 | 62.00 | NOTE |
Version: 0.1
Check: LazyData
Result: NOTE
'LazyData' is specified without a 'data' directory
Flavors: r-oldrel-macos-arm64, r-oldrel-macos-x86_64, r-oldrel-windows-x86_64