Last updated on 2024-06-30 00:59:16 CEST.
Flavor | Version | Tinstall | Tcheck | Ttotal | Status | Flags |
---|---|---|---|---|---|---|
r-devel-linux-x86_64-debian-clang | 0.3.0 | 5.40 | 44.66 | 50.06 | OK | |
r-devel-linux-x86_64-debian-gcc | 0.3.0 | 3.98 | 34.13 | 38.11 | OK | |
r-devel-linux-x86_64-fedora-clang | 0.3.0 | 65.90 | NOTE | |||
r-devel-linux-x86_64-fedora-gcc | 0.3.0 | 72.67 | OK | |||
r-devel-windows-x86_64 | 0.3.0 | 6.00 | 53.00 | 59.00 | OK | |
r-patched-linux-x86_64 | 0.3.0 | 5.00 | 43.11 | 48.11 | OK | |
r-release-linux-x86_64 | 0.3.0 | 3.01 | 42.41 | 45.42 | OK | |
r-release-macos-arm64 | 0.3.0 | 31.00 | OK | |||
r-release-macos-x86_64 | 0.3.0 | 42.00 | OK | |||
r-release-windows-x86_64 | 0.3.0 | 6.00 | 53.00 | 59.00 | OK | |
r-oldrel-macos-arm64 | 0.3.0 | 30.00 | OK | |||
r-oldrel-macos-x86_64 | 0.3.0 | 49.00 | OK | |||
r-oldrel-windows-x86_64 | 0.3.0 | 7.00 | 58.00 | 65.00 | OK |
Version: 0.3.0
Check: Rd cross-references
Result: NOTE
Undeclared package ‘tibble’ in Rd xrefs
Flavor: r-devel-linux-x86_64-fedora-clang