CRAN Package Check Results for Package ider

Last updated on 2025-07-20 12:49:27 CEST.

Flavor Version Tinstall Tcheck Ttotal Status Flags
r-devel-linux-x86_64-debian-clang 0.1.1 2.79 27.49 30.28 NOTE
r-devel-linux-x86_64-debian-gcc 0.1.1 2.26 21.09 23.35 NOTE
r-devel-linux-x86_64-fedora-clang 0.1.1 46.65 OK
r-devel-linux-x86_64-fedora-gcc 0.1.1 44.30 OK
r-devel-windows-x86_64 0.1.1 4.00 48.00 52.00 OK
r-patched-linux-x86_64 0.1.1 2.90 25.83 28.73 OK
r-release-linux-x86_64 0.1.1 2.80 25.90 28.70 OK
r-release-macos-arm64 0.1.1 18.00 OK
r-release-macos-x86_64 0.1.1 37.00 OK
r-release-windows-x86_64 0.1.1 4.00 47.00 51.00 OK
r-oldrel-macos-arm64 0.1.1 19.00 OK
r-oldrel-macos-x86_64 0.1.1 29.00 OK
r-oldrel-windows-x86_64 0.1.1 4.00 54.00 58.00 OK

Check Details

Version: 0.1.1
Check: CRAN incoming feasibility
Result: NOTE Maintainer: ‘Hideitsu Hino <hideitsu.hino@gmail.com>’ No Authors@R field in DESCRIPTION. Please add one, modifying Authors@R: person(given = "Hideitsu", family = "Hino", role = c("aut", "cre"), email = "hideitsu.hino@gmail.com") as necessary. Flavors: r-devel-linux-x86_64-debian-clang, r-devel-linux-x86_64-debian-gcc