CRAN Package Check Results for Package iccbeta

Last updated on 2025-05-19 01:49:56 CEST.

Flavor Version Tinstall Tcheck Ttotal Status Flags
r-devel-linux-x86_64-debian-clang 1.2.0 24.75 65.75 90.50 NOTE
r-devel-linux-x86_64-debian-gcc 1.2.0 17.14 50.77 67.91 NOTE
r-devel-linux-x86_64-fedora-clang 1.2.0 148.27 NOTE
r-devel-linux-x86_64-fedora-gcc 1.2.0 146.83 NOTE
r-devel-windows-x86_64 1.2.0 30.00 103.00 133.00 NOTE
r-patched-linux-x86_64 1.2.0 24.26 61.70 85.96 NOTE
r-release-linux-x86_64 1.2.0 24.19 61.57 85.76 NOTE
r-release-macos-arm64 1.2.0 44.00 NOTE
r-release-macos-x86_64 1.2.0 82.00 NOTE
r-release-windows-x86_64 1.2.0 29.00 91.00 120.00 NOTE
r-oldrel-macos-arm64 1.2.0 44.00 NOTE
r-oldrel-macos-x86_64 1.2.0 58.00 NOTE
r-oldrel-windows-x86_64 1.2.0 35.00 116.00 151.00 NOTE

Check Details

Version: 1.2.0
Check: CRAN incoming feasibility
Result: NOTE Maintainer: ‘Steven Andrew Culpepper <sculpepp@illinois.edu>’ Package CITATION file contains call(s) to old-style personList() or as.personList(). Please use c() on person objects instead. Package CITATION file contains call(s) to old-style citEntry(). Please use bibentry() instead. Flavors: r-devel-linux-x86_64-debian-clang, r-devel-linux-x86_64-debian-gcc

Version: 1.2.0
Check: C++ specification
Result: NOTE Specified C++11: please drop specification unless essential Flavors: r-devel-linux-x86_64-debian-clang, r-devel-linux-x86_64-debian-gcc, r-devel-linux-x86_64-fedora-clang, r-devel-linux-x86_64-fedora-gcc, r-devel-windows-x86_64, r-patched-linux-x86_64, r-release-linux-x86_64, r-release-macos-arm64, r-release-macos-x86_64, r-release-windows-x86_64, r-oldrel-macos-arm64, r-oldrel-macos-x86_64, r-oldrel-windows-x86_64