Last updated on 2025-05-25 01:49:44 CEST.
Flavor | Version | Tinstall | Tcheck | Ttotal | Status | Flags |
---|---|---|---|---|---|---|
r-devel-linux-x86_64-debian-clang | 1.2 | 17.07 | 27.89 | 44.96 | NOTE | |
r-devel-linux-x86_64-debian-gcc | 1.2 | 14.77 | 21.34 | 36.11 | NOTE | |
r-devel-linux-x86_64-fedora-clang | 1.2 | 82.51 | OK | |||
r-devel-linux-x86_64-fedora-gcc | 1.2 | 88.40 | OK | |||
r-devel-windows-x86_64 | 1.2 | 22.00 | 105.00 | 127.00 | OK | |
r-patched-linux-x86_64 | 1.2 | 19.07 | 27.53 | 46.60 | OK | |
r-release-linux-x86_64 | 1.2 | 19.97 | 26.71 | 46.68 | OK | |
r-release-macos-arm64 | 1.2 | 28.00 | OK | |||
r-release-macos-x86_64 | 1.2 | 45.00 | OK | |||
r-release-windows-x86_64 | 1.2 | 22.00 | 68.00 | 90.00 | OK | |
r-oldrel-macos-arm64 | 1.2 | 25.00 | OK | |||
r-oldrel-macos-x86_64 | 1.2 | 34.00 | OK | |||
r-oldrel-windows-x86_64 | 1.2 | 21.00 | 85.00 | 106.00 | OK |
Version: 1.2
Check: CRAN incoming feasibility
Result: NOTE
Maintainer: ‘Hui Xu <huix@schoolph.umass.edu>’
No Authors@R field in DESCRIPTION.
Please add one, modifying
Authors@R: c(person(given = "Hui",
family = "Xu",
role = c("aut", "cre"),
email = "huix@schoolph.umass.edu"),
person(given = "Raji",
family = "Balasubramanian",
role = "aut"))
as necessary.
Flavors: r-devel-linux-x86_64-debian-clang, r-devel-linux-x86_64-debian-gcc