Last updated on 2024-06-30 00:59:16 CEST.
Flavor | Version | Tinstall | Tcheck | Ttotal | Status | Flags |
---|---|---|---|---|---|---|
r-devel-linux-x86_64-debian-clang | 0.0.2 | 2.94 | 31.28 | 34.22 | OK | |
r-devel-linux-x86_64-debian-gcc | 0.0.2 | 2.52 | 24.95 | 27.47 | OK | |
r-devel-linux-x86_64-fedora-clang | 0.0.2 | 46.30 | NOTE | |||
r-devel-linux-x86_64-fedora-gcc | 0.0.2 | 41.83 | NOTE | |||
r-devel-windows-x86_64 | 0.0.2 | 5.00 | 49.00 | 54.00 | OK | |
r-patched-linux-x86_64 | 0.0.2 | 2.98 | 30.92 | 33.90 | OK | |
r-release-linux-x86_64 | 0.0.2 | 2.83 | 30.44 | 33.27 | OK | |
r-release-macos-arm64 | 0.0.2 | 19.00 | OK | |||
r-release-macos-x86_64 | 0.0.2 | 28.00 | OK | |||
r-release-windows-x86_64 | 0.0.2 | 5.00 | 48.00 | 53.00 | OK | |
r-oldrel-macos-arm64 | 0.0.2 | 25.00 | OK | |||
r-oldrel-macos-x86_64 | 0.0.2 | 26.00 | OK | |||
r-oldrel-windows-x86_64 | 0.0.2 | 5.00 | 53.00 | 58.00 | OK |
Version: 0.0.2
Check: data for non-ASCII characters
Result: NOTE
Note: found 359 marked UTF-8 strings
Flavors: r-devel-linux-x86_64-fedora-clang, r-devel-linux-x86_64-fedora-gcc