CRAN Package Check Results for Package iSubGen

Last updated on 2025-07-21 01:49:07 CEST.

Flavor Version Tinstall Tcheck Ttotal Status Flags
r-devel-linux-x86_64-debian-clang 1.0.1 9.69 90.49 100.18 NOTE
r-devel-linux-x86_64-debian-gcc 1.0.1 6.92 67.50 74.42 NOTE
r-devel-linux-x86_64-fedora-clang 1.0.1 146.97 OK
r-devel-linux-x86_64-fedora-gcc 1.0.1 156.37 OK
r-devel-windows-x86_64 1.0.1 10.00 108.00 118.00 OK
r-patched-linux-x86_64 1.0.1 8.88 85.98 94.86 OK
r-release-linux-x86_64 1.0.1 7.96 86.12 94.08 OK
r-release-macos-arm64 1.0.1 65.00 OK
r-release-macos-x86_64 1.0.1 104.00 OK
r-release-windows-x86_64 1.0.1 12.00 111.00 123.00 OK
r-oldrel-macos-arm64 1.0.1 57.00 OK
r-oldrel-macos-x86_64 1.0.1 119.00 OK
r-oldrel-windows-x86_64 1.0.1 15.00 135.00 150.00 OK

Check Details

Version: 1.0.1
Check: CRAN incoming feasibility
Result: NOTE Maintainer: ‘Paul C Boutros <pboutros@mednet.ucla.edu>’ No Authors@R field in DESCRIPTION. Please add one, modifying Authors@R: c(person(given = "Natalie", family = "Fox", role = "aut"), person(given = c("Paul", "C"), family = "Boutros", role = "cre", email = "pboutros@mednet.ucla.edu")) as necessary. Flavors: r-devel-linux-x86_64-debian-clang, r-devel-linux-x86_64-debian-gcc