CRAN Package Check Results for Package iIneq

Last updated on 2025-02-22 00:49:47 CET.

Flavor Version Tinstall Tcheck Ttotal Status Flags
r-devel-linux-x86_64-debian-clang 1.0.2 1.92 17.87 19.79 OK
r-devel-linux-x86_64-debian-gcc 1.0.2 1.45 14.45 15.90 OK
r-devel-linux-x86_64-fedora-clang 1.0.2 32.82 OK
r-devel-linux-x86_64-fedora-gcc 1.0.2 30.12 OK
r-devel-macos-arm64 1.0.2 15.00 OK
r-devel-macos-x86_64 1.0.2 26.00 OK
r-devel-windows-x86_64 1.0.2 3.00 43.00 46.00 OK
r-patched-linux-x86_64 1.0.2 2.02 17.22 19.24 NOTE
r-release-linux-x86_64 1.0.2 1.47 17.49 18.96 NOTE
r-release-macos-arm64 1.0.2 16.00 NOTE
r-release-macos-x86_64 1.0.2 22.00 NOTE
r-release-windows-x86_64 1.0.2 3.00 41.00 44.00 NOTE
r-oldrel-macos-arm64 1.0.2 18.00 NOTE
r-oldrel-macos-x86_64 1.0.2 20.00 NOTE
r-oldrel-windows-x86_64 1.0.2 3.00 48.00 51.00 NOTE

Check Details

Version: 1.0.2
Check: LazyData
Result: NOTE 'LazyData' is specified without a 'data' directory Flavors: r-patched-linux-x86_64, r-release-linux-x86_64, r-release-macos-arm64, r-release-macos-x86_64, r-release-windows-x86_64, r-oldrel-macos-arm64, r-oldrel-macos-x86_64, r-oldrel-windows-x86_64