Last updated on 2024-06-30 00:59:16 CEST.
Flavor | Version | Tinstall | Tcheck | Ttotal | Status | Flags |
---|---|---|---|---|---|---|
r-devel-linux-x86_64-debian-clang | 1.1.1 | 6.62 | 47.16 | 53.78 | OK | |
r-devel-linux-x86_64-debian-gcc | 1.1.1 | 5.21 | 53.60 | 58.81 | OK | |
r-devel-linux-x86_64-fedora-clang | 1.1.1 | 96.98 | NOTE | |||
r-devel-linux-x86_64-fedora-gcc | 1.1.1 | 105.16 | OK | |||
r-devel-windows-x86_64 | 1.1.1 | 7.00 | 70.00 | 77.00 | NOTE | |
r-patched-linux-x86_64 | 1.1.1 | 4.35 | 44.41 | 48.76 | OK | |
r-release-linux-x86_64 | 1.1.1 | 4.82 | 43.27 | 48.09 | OK | |
r-release-macos-arm64 | 1.1.1 | 39.00 | NOTE | |||
r-release-macos-x86_64 | 1.1.1 | 53.00 | NOTE | |||
r-release-windows-x86_64 | 1.1.1 | 8.00 | 72.00 | 80.00 | NOTE | |
r-oldrel-macos-arm64 | 1.1.1 | 40.00 | NOTE | |||
r-oldrel-macos-x86_64 | 1.1.1 | 51.00 | NOTE | |||
r-oldrel-windows-x86_64 | 1.1.1 | 9.00 | 81.00 | 90.00 | NOTE |
Version: 1.1.1
Check: installed package size
Result: NOTE
installed size is 6.5Mb
sub-directories of 1Mb or more:
doc 6.3Mb
Flavors: r-devel-linux-x86_64-fedora-clang, r-devel-windows-x86_64, r-release-macos-arm64, r-release-macos-x86_64, r-release-windows-x86_64, r-oldrel-macos-arm64, r-oldrel-macos-x86_64, r-oldrel-windows-x86_64