Last updated on 2024-08-16 12:49:10 CEST.
Flavor | Version | Tinstall | Tcheck | Ttotal | Status | Flags |
---|---|---|---|---|---|---|
r-devel-linux-x86_64-debian-clang | 3.0.3 | 44.33 | 38.77 | 83.10 | OK | |
r-devel-linux-x86_64-debian-gcc | 3.0.3 | 35.96 | 31.90 | 67.86 | OK | |
r-devel-linux-x86_64-fedora-clang | 3.0.3 | 182.75 | OK | |||
r-devel-linux-x86_64-fedora-gcc | 3.0.3 | 183.56 | OK | |||
r-devel-windows-x86_64 | 3.0.3 | 54.00 | 94.00 | 148.00 | OK | |
r-patched-linux-x86_64 | 3.0.3 | 47.25 | 40.04 | 87.29 | OK | |
r-release-linux-x86_64 | 3.0.3 | 45.11 | 40.01 | 85.12 | OK | |
r-release-macos-arm64 | 3.0.3 | 57.00 | NOTE | |||
r-release-macos-x86_64 | 3.0.3 | 73.00 | NOTE | |||
r-release-windows-x86_64 | 3.0.3 | 54.00 | 101.00 | 155.00 | OK | |
r-oldrel-macos-arm64 | 3.0.3 | 85.00 | NOTE | |||
r-oldrel-macos-x86_64 | 3.0.3 | 154.00 | NOTE | |||
r-oldrel-windows-x86_64 | 3.0.3 | 59.00 | 102.00 | 161.00 | OK |
Version: 3.0.3
Check: installed package size
Result: NOTE
installed size is 7.9Mb
sub-directories of 1Mb or more:
dict 1.5Mb
libs 5.3Mb
Flavors: r-release-macos-arm64, r-release-macos-x86_64, r-oldrel-macos-arm64, r-oldrel-macos-x86_64