Last updated on 2024-06-30 00:59:16 CEST.
Flavor | Version | Tinstall | Tcheck | Ttotal | Status | Flags |
---|---|---|---|---|---|---|
r-devel-linux-x86_64-debian-clang | 1.0.1 | 7.76 | 121.81 | 129.57 | OK | |
r-devel-linux-x86_64-debian-gcc | 1.0.1 | 7.53 | 89.66 | 97.19 | OK | |
r-devel-linux-x86_64-fedora-clang | 1.0.1 | 165.33 | OK | |||
r-devel-linux-x86_64-fedora-gcc | 1.0.1 | 172.16 | OK | |||
r-devel-windows-x86_64 | 1.0.1 | 20.00 | 147.00 | 167.00 | OK | |
r-patched-linux-x86_64 | 1.0.1 | 14.25 | 115.49 | 129.74 | OK | |
r-release-linux-x86_64 | 1.0.1 | 8.31 | 113.63 | 121.94 | OK | |
r-release-macos-arm64 | 1.0.1 | 66.00 | OK | |||
r-release-macos-x86_64 | 1.0.1 | 87.00 | ERROR | |||
r-release-windows-x86_64 | 1.0.1 | 20.00 | 149.00 | 169.00 | OK | |
r-oldrel-macos-arm64 | 1.0.1 | 73.00 | OK | |||
r-oldrel-macos-x86_64 | 1.0.1 | 154.00 | OK | |||
r-oldrel-windows-x86_64 | 1.0.1 | 24.00 | 166.00 | 190.00 | OK |
Version: 1.0.1
Check: re-building of vignette outputs
Result: ERROR
Error(s) in re-building vignettes:
...
--- re-building ‘httr2.Rmd’ using rmarkdown
Quitting from lines 39-41 [unnamed-chunk-2] (httr2.Rmd)
Error: processing vignette 'httr2.Rmd' failed with diagnostics:
there is no package called 'callr'
--- failed re-building ‘httr2.Rmd’
SUMMARY: processing the following file failed:
‘httr2.Rmd’
Error: Vignette re-building failed.
Execution halted
Flavor: r-release-macos-x86_64