Last updated on 2025-04-29 01:49:35 CEST.
Flavor | Version | Tinstall | Tcheck | Ttotal | Status | Flags |
---|---|---|---|---|---|---|
r-devel-linux-x86_64-debian-clang | 1.2.0 | 1.55 | 25.82 | 27.37 | OK | |
r-devel-linux-x86_64-debian-gcc | 1.2.0 | 1.60 | 21.30 | 22.90 | NOTE | |
r-devel-linux-x86_64-fedora-clang | 1.2.0 | 45.55 | OK | |||
r-devel-linux-x86_64-fedora-gcc | 1.2.0 | 58.04 | OK | |||
r-devel-windows-x86_64 | 1.2.0 | 3.00 | 51.00 | 54.00 | OK | |
r-patched-linux-x86_64 | 1.2.0 | 1.84 | 25.55 | 27.39 | OK | |
r-release-linux-x86_64 | 1.2.0 | 1.96 | 25.30 | 27.26 | OK | |
r-release-macos-arm64 | 1.2.0 | 40.00 | OK | |||
r-release-macos-x86_64 | 1.2.0 | 59.00 | OK | |||
r-release-windows-x86_64 | 1.2.0 | 3.00 | 74.00 | 77.00 | OK | |
r-oldrel-macos-arm64 | 1.2.0 | 29.00 | OK | |||
r-oldrel-macos-x86_64 | 1.2.0 | 47.00 | OK | |||
r-oldrel-windows-x86_64 | 1.2.0 | 4.00 | 57.00 | 61.00 | OK |
Version: 1.2.0
Check: examples
Result: NOTE
Examples with CPU (user + system) or elapsed time > 5s
user system elapsed
uncached 0.023 0.023 5.717
Flavor: r-devel-linux-x86_64-debian-gcc