CRAN Package Check Results for Package httk

Last updated on 2025-04-29 01:49:35 CEST.

Flavor Version Tinstall Tcheck Ttotal Status Flags
r-devel-linux-x86_64-debian-clang 2.6.0 34.43 856.10 890.53 OK
r-devel-linux-x86_64-debian-gcc 2.6.0 23.69 547.41 571.10 NOTE
r-devel-linux-x86_64-fedora-clang 2.6.0 1485.39 OK
r-devel-linux-x86_64-fedora-gcc 2.6.0 1496.81 OK
r-devel-windows-x86_64 2.6.0 44.00 900.00 944.00 OK
r-patched-linux-x86_64 2.6.0 45.98 822.62 868.60 OK
r-release-linux-x86_64 2.6.0 35.30 811.24 846.54 OK
r-release-macos-arm64 2.6.0 291.00 OK
r-release-macos-x86_64 2.6.0 503.00 OK
r-release-windows-x86_64 2.6.0 48.00 911.00 959.00 OK
r-oldrel-macos-arm64 2.6.0 332.00 NOTE
r-oldrel-macos-x86_64 2.6.0 575.00 NOTE
r-oldrel-windows-x86_64 2.6.0 56.00 1147.00 1203.00 NOTE

Additional issues

donttest

Check Details

Version: 2.6.0
Check: examples
Result: NOTE Examples with CPU (user + system) or elapsed time > 5s user system elapsed parameterize_steadystate 3.49 0.011 5.054 Flavor: r-devel-linux-x86_64-debian-gcc

Version: 2.6.0
Check: installed package size
Result: NOTE installed size is 7.2Mb sub-directories of 1Mb or more: data 2.3Mb doc 2.4Mb help 1.4Mb Flavors: r-oldrel-macos-arm64, r-oldrel-macos-x86_64, r-oldrel-windows-x86_64