Last updated on 2025-05-19 12:50:06 CEST.
Flavor | Version | Tinstall | Tcheck | Ttotal | Status | Flags |
---|---|---|---|---|---|---|
r-devel-linux-x86_64-debian-clang | 2.0.4 | 45.81 | 48.55 | 94.36 | OK | |
r-devel-linux-x86_64-debian-gcc | 2.0.4 | 30.55 | 35.90 | 66.45 | OK | |
r-devel-linux-x86_64-fedora-clang | 2.0.4 | 196.16 | NOTE | |||
r-devel-linux-x86_64-fedora-gcc | 2.0.4 | 184.60 | NOTE | |||
r-devel-windows-x86_64 | 2.0.4 | 61.00 | 108.00 | 169.00 | OK | |
r-patched-linux-x86_64 | 2.0.4 | 44.07 | 45.76 | 89.83 | OK | |
r-release-linux-x86_64 | 2.0.4 | 45.33 | 45.51 | 90.84 | OK | |
r-release-macos-arm64 | 2.0.4 | 95.00 | OK | |||
r-release-macos-x86_64 | 2.0.4 | 147.00 | OK | |||
r-release-windows-x86_64 | 2.0.4 | 58.00 | 126.00 | 184.00 | OK | |
r-oldrel-macos-arm64 | 2.0.4 | 80.00 | OK | |||
r-oldrel-macos-x86_64 | 2.0.4 | 181.00 | OK | |||
r-oldrel-windows-x86_64 | 2.0.4 | 69.00 | 113.00 | 182.00 | OK |
Version: 2.0.4
Check: compiled code
Result: NOTE
File ‘hsphase/libs/hsphase.so’:
Found no calls to: ‘R_registerRoutines’, ‘R_useDynamicSymbols’
It is good practice to register native routines and to disable symbol
search.
See ‘Writing portable packages’ in the ‘Writing R Extensions’ manual.
Flavors: r-devel-linux-x86_64-fedora-clang, r-devel-linux-x86_64-fedora-gcc