Last updated on 2025-07-17 12:50:01 CEST.
Flavor | Version | Tinstall | Tcheck | Ttotal | Status | Flags |
---|---|---|---|---|---|---|
r-devel-linux-x86_64-debian-clang | 2.0.4 | 48.00 | 48.03 | 96.03 | OK | |
r-devel-linux-x86_64-debian-gcc | 2.0.4 | 32.32 | 37.13 | 69.45 | OK | |
r-devel-linux-x86_64-fedora-clang | 2.0.4 | 183.39 | NOTE | |||
r-devel-linux-x86_64-fedora-gcc | 2.0.4 | 158.80 | NOTE | |||
r-devel-windows-x86_64 | 2.0.4 | 58.00 | 101.00 | 159.00 | OK | |
r-patched-linux-x86_64 | 2.0.4 | 44.56 | 46.58 | 91.14 | OK | |
r-release-linux-x86_64 | 2.0.4 | 42.93 | 45.72 | 88.65 | OK | |
r-release-macos-arm64 | 2.0.4 | 95.00 | OK | |||
r-release-macos-x86_64 | 2.0.4 | 147.00 | OK | |||
r-release-windows-x86_64 | 2.0.4 | 60.00 | 105.00 | 165.00 | OK | |
r-oldrel-macos-arm64 | 2.0.4 | 80.00 | OK | |||
r-oldrel-macos-x86_64 | 2.0.4 | 181.00 | OK | |||
r-oldrel-windows-x86_64 | 2.0.4 | 72.00 | 123.00 | 195.00 | OK |
Version: 2.0.4
Check: compiled code
Result: NOTE
File ‘hsphase/libs/hsphase.so’:
Found no calls to: ‘R_registerRoutines’, ‘R_useDynamicSymbols’
It is good practice to register native routines and to disable symbol
search.
See ‘Writing portable packages’ in the ‘Writing R Extensions’ manual.
Flavors: r-devel-linux-x86_64-fedora-clang, r-devel-linux-x86_64-fedora-gcc