Last updated on 2024-07-13 12:48:17 CEST.
Flavor | Version | Tinstall | Tcheck | Ttotal | Status | Flags |
---|---|---|---|---|---|---|
r-devel-linux-x86_64-debian-clang | 1.0.1 | 49.10 | 38.86 | 87.96 | OK | |
r-devel-linux-x86_64-debian-gcc | 1.0.1 | 35.39 | 30.62 | 66.01 | OK | |
r-devel-linux-x86_64-fedora-clang | 1.0.1 | 124.34 | OK | |||
r-devel-linux-x86_64-fedora-gcc | 1.0.1 | 125.34 | OK | |||
r-devel-windows-x86_64 | 1.0.1 | 38.00 | 70.00 | 108.00 | NOTE | |
r-patched-linux-x86_64 | 1.0.1 | 41.21 | 38.84 | 80.05 | OK | |
r-release-linux-x86_64 | 1.0.1 | 44.15 | 38.66 | 82.81 | OK | |
r-release-macos-arm64 | 1.0.1 | 28.00 | NOTE | |||
r-release-macos-x86_64 | 1.0.1 | 44.00 | NOTE | |||
r-release-windows-x86_64 | 1.0.1 | 41.00 | 72.00 | 113.00 | OK | |
r-oldrel-macos-arm64 | 1.0.1 | 36.00 | NOTE | |||
r-oldrel-macos-x86_64 | 1.0.1 | 53.00 | NOTE | |||
r-oldrel-windows-x86_64 | 1.0.1 | 48.00 | 82.00 | 130.00 | OK |
Version: 1.0.1
Check: Rd cross-references
Result: NOTE
Found the following Rd file(s) with Rd \link{} targets missing package
anchors:
critical.value.Rd: davies
size.Rd: davies
Please provide package anchors for all Rd \link{} targets not in the
package itself and the base packages.
Flavor: r-devel-windows-x86_64
Version: 1.0.1
Check: installed package size
Result: NOTE
installed size is 5.3Mb
sub-directories of 1Mb or more:
libs 5.2Mb
Flavors: r-release-macos-arm64, r-release-macos-x86_64, r-oldrel-macos-arm64, r-oldrel-macos-x86_64