Last updated on 2025-11-05 12:50:55 CET.
| Flavor | Version | Tinstall | Tcheck | Ttotal | Status | Flags |
|---|---|---|---|---|---|---|
| r-devel-linux-x86_64-debian-clang | 1.1.6 | 34.69 | 31.00 | 65.69 | OK | |
| r-devel-linux-x86_64-debian-gcc | 1.1.6 | 26.49 | 23.49 | 49.98 | OK | |
| r-devel-linux-x86_64-fedora-clang | 1.1.6 | 65.00 | 42.55 | 107.55 | OK | |
| r-devel-linux-x86_64-fedora-gcc | 1.1.6 | 91.00 | 22.76 | 113.76 | OK | |
| r-devel-windows-x86_64 | 1.1.6 | 43.00 | 67.00 | 110.00 | OK | |
| r-patched-linux-x86_64 | 1.1.6 | 42.47 | 30.01 | 72.48 | OK | |
| r-release-linux-x86_64 | 1.1.6 | 40.83 | 29.66 | 70.49 | OK | |
| r-release-macos-arm64 | 1.1.6 | 17.00 | 17.00 | 34.00 | OK | |
| r-release-macos-x86_64 | 1.1.6 | 53.00 | 57.00 | 110.00 | OK | |
| r-release-windows-x86_64 | 1.1.6 | 38.00 | 64.00 | 102.00 | OK | |
| r-oldrel-macos-arm64 | 1.1.6 | 16.00 | 23.00 | 39.00 | NOTE | |
| r-oldrel-macos-x86_64 | 1.1.6 | 42.00 | 40.00 | 82.00 | NOTE | |
| r-oldrel-windows-x86_64 | 1.1.6 | 49.00 | 82.00 | 131.00 | OK |
Version: 1.1.6
Check: installed package size
Result: NOTE
installed size is 5.4Mb
sub-directories of 1Mb or more:
libs 5.3Mb
Flavors: r-oldrel-macos-arm64, r-oldrel-macos-x86_64