Last updated on 2024-07-13 12:48:17 CEST.
Flavor | Version | Tinstall | Tcheck | Ttotal | Status | Flags |
---|---|---|---|---|---|---|
r-devel-linux-x86_64-debian-clang | 0.5.1 | 3.61 | 81.40 | 85.01 | OK | |
r-devel-linux-x86_64-debian-gcc | 0.5.1 | 3.19 | 61.50 | 64.69 | OK | |
r-devel-linux-x86_64-fedora-clang | 0.5.1 | 107.68 | NOTE | |||
r-devel-linux-x86_64-fedora-gcc | 0.5.1 | 112.66 | NOTE | |||
r-devel-windows-x86_64 | 0.5.1 | 4.00 | 92.00 | 96.00 | NOTE | |
r-patched-linux-x86_64 | 0.5.1 | 6.86 | 79.18 | 86.04 | OK | |
r-release-linux-x86_64 | 0.5.1 | 3.72 | 79.88 | 83.60 | OK | |
r-release-macos-arm64 | 0.5.1 | 98.00 | OK | |||
r-release-macos-x86_64 | 0.5.1 | 133.00 | OK | |||
r-release-windows-x86_64 | 0.5.1 | 4.00 | 90.00 | 94.00 | OK | |
r-oldrel-macos-arm64 | 0.5.1 | 123.00 | OK | |||
r-oldrel-macos-x86_64 | 0.5.1 | 201.00 | OK | |||
r-oldrel-windows-x86_64 | 0.5.1 | 6.00 | 106.00 | 112.00 | OK |
Version: 0.5.1
Check: data for non-ASCII characters
Result: NOTE
Note: found 52 marked UTF-8 strings
Flavors: r-devel-linux-x86_64-fedora-clang, r-devel-linux-x86_64-fedora-gcc
Version: 0.5.1
Check: Rd cross-references
Result: NOTE
Found the following Rd file(s) with Rd \link{} targets missing package
anchors:
hicp.data.Rd: get_eurostat_toc, get_eurostat_dsd, get_eurostat_data
Please provide package anchors for all Rd \link{} targets not in the
package itself and the base packages.
Flavor: r-devel-windows-x86_64