Last updated on 2025-04-29 13:51:26 CEST.
Flavor | Version | Tinstall | Tcheck | Ttotal | Status | Flags |
---|---|---|---|---|---|---|
r-devel-linux-x86_64-debian-clang | 1.0.0 | 2.34 | 34.57 | 36.91 | NOTE | |
r-devel-linux-x86_64-debian-gcc | 1.0.0 | 1.62 | 28.00 | 29.62 | OK | |
r-devel-linux-x86_64-fedora-clang | 1.0.0 | 54.01 | OK | |||
r-devel-linux-x86_64-fedora-gcc | 1.0.0 | 67.22 | OK | |||
r-devel-windows-x86_64 | 1.0.0 | 4.00 | 52.00 | 56.00 | OK | |
r-patched-linux-x86_64 | 1.0.0 | 2.28 | 31.71 | 33.99 | OK | |
r-release-linux-x86_64 | 1.0.0 | 2.17 | 31.85 | 34.02 | OK | |
r-release-macos-arm64 | 1.0.0 | 38.00 | OK | |||
r-release-macos-x86_64 | 1.0.0 | 77.00 | OK | |||
r-release-windows-x86_64 | 1.0.0 | 3.00 | 56.00 | 59.00 | OK | |
r-oldrel-macos-arm64 | 1.0.0 | 30.00 | OK | |||
r-oldrel-macos-x86_64 | 1.0.0 | 61.00 | OK | |||
r-oldrel-windows-x86_64 | 1.0.0 | 3.00 | 58.00 | 61.00 | OK |
Version: 1.0.0
Check: examples
Result: NOTE
Examples with CPU (user + system) or elapsed time > 5s
user system elapsed
unifont 4.398 0.081 5.851
Flavor: r-devel-linux-x86_64-debian-clang