Last updated on 2024-08-16 12:49:10 CEST.
Flavor | Version | Tinstall | Tcheck | Ttotal | Status | Flags |
---|---|---|---|---|---|---|
r-devel-linux-x86_64-debian-clang | 0.5.4 | 237.87 | 325.94 | 563.81 | NOTE | |
r-devel-linux-x86_64-debian-gcc | 0.5.4 | 181.12 | 254.54 | 435.66 | NOTE | |
r-devel-linux-x86_64-fedora-clang | 0.5.4 | 1012.63 | NOTE | |||
r-devel-linux-x86_64-fedora-gcc | 0.5.4 | 1095.95 | NOTE | |||
r-devel-windows-x86_64 | 0.5.4 | 271.00 | 413.00 | 684.00 | NOTE | |
r-patched-linux-x86_64 | 0.5.4 | 258.28 | 324.82 | 583.10 | OK | |
r-release-linux-x86_64 | 0.5.4 | 253.68 | 333.68 | 587.36 | OK | |
r-release-macos-arm64 | 0.5.4 | 247.00 | NOTE | |||
r-release-macos-x86_64 | 0.5.4 | 376.00 | NOTE | |||
r-release-windows-x86_64 | 0.5.4 | 280.00 | 489.00 | 769.00 | NOTE | |
r-oldrel-macos-arm64 | 0.5.4 | 265.00 | NOTE | |||
r-oldrel-macos-x86_64 | 0.5.4 | 509.00 | NOTE | |||
r-oldrel-windows-x86_64 | 0.5.4 | 319.00 | 496.00 | 815.00 | NOTE |
Version: 0.5.4
Check: Rd cross-references
Result: NOTE
Found the following Rd file(s) with Rd \link{} targets missing package
anchors:
create_IndivCtstmTrans.Rd: R6Class
create_trans_dt.Rd: data.table
input_mats.Rd: data.table, print.data.table
partsurvfit.Rd: flexsurvreg, flexsurvspline
plot_ceac.Rd: ggplot2
plot_ceaf.Rd: ggplot2
plot_ceplane.Rd: ggplot2
plot_evpi.Rd: ggplot2
summary.eval_rng.Rd: data.table
summary.params.Rd: data.table
summary.tparams_transprobs.Rd: data.table
summary.tpmatrix.Rd: data.table
Please provide package anchors for all Rd \link{} targets not in the
package itself and the base packages.
Flavors: r-devel-linux-x86_64-debian-clang, r-devel-linux-x86_64-debian-gcc, r-devel-windows-x86_64
Version: 0.5.4
Check: installed package size
Result: NOTE
installed size is 6.2Mb
sub-directories of 1Mb or more:
doc 2.2Mb
libs 2.2Mb
Flavors: r-devel-linux-x86_64-fedora-clang, r-devel-windows-x86_64, r-release-macos-arm64, r-release-macos-x86_64, r-release-windows-x86_64, r-oldrel-macos-arm64, r-oldrel-macos-x86_64, r-oldrel-windows-x86_64
Version: 0.5.4
Check: dependencies in R code
Result: NOTE
Namespace in Imports field not imported from: ‘R6’
All declared Imports should be used.
Flavors: r-devel-linux-x86_64-fedora-clang, r-devel-linux-x86_64-fedora-gcc