Last updated on 2025-05-19 01:49:55 CEST.
Flavor | Version | Tinstall | Tcheck | Ttotal | Status | Flags |
---|---|---|---|---|---|---|
r-devel-linux-x86_64-debian-clang | 1.0.1 | 16.58 | 132.82 | 149.40 | NOTE | |
r-devel-linux-x86_64-debian-gcc | 1.0.1 | 10.10 | 87.83 | 97.93 | NOTE | |
r-devel-linux-x86_64-fedora-clang | 1.0.1 | 232.70 | NOTE | |||
r-devel-linux-x86_64-fedora-gcc | 1.0.1 | 216.61 | NOTE | |||
r-devel-windows-x86_64 | 1.0.1 | 17.00 | 133.00 | 150.00 | NOTE | |
r-patched-linux-x86_64 | 1.0.1 | 15.51 | 119.40 | 134.91 | NOTE | |
r-release-linux-x86_64 | 1.0.1 | 12.32 | 119.18 | 131.50 | NOTE | |
r-release-macos-arm64 | 1.0.1 | 55.00 | NOTE | |||
r-release-macos-x86_64 | 1.0.1 | 101.00 | NOTE | |||
r-release-windows-x86_64 | 1.0.1 | 16.00 | 123.00 | 139.00 | NOTE | |
r-oldrel-macos-arm64 | 1.0.1 | 54.00 | OK | |||
r-oldrel-macos-x86_64 | 1.0.1 | 88.00 | OK | |||
r-oldrel-windows-x86_64 | 1.0.1 | 23.00 | 160.00 | 183.00 | OK |
Version: 1.0.1
Check: DESCRIPTION meta-information
Result: NOTE
Missing dependency on R >= 4.1.0 because package code uses the pipe
|> or function shorthand \(...) syntax added in R 4.1.0.
File(s) using such syntax:
‘lvma_utils.R’
Flavors: r-devel-linux-x86_64-debian-clang, r-devel-linux-x86_64-debian-gcc, r-devel-linux-x86_64-fedora-clang, r-devel-linux-x86_64-fedora-gcc, r-devel-windows-x86_64, r-patched-linux-x86_64, r-release-linux-x86_64, r-release-macos-arm64, r-release-macos-x86_64, r-release-windows-x86_64
Version: 1.0.1
Check: Rd cross-references
Result: NOTE
Found the following Rd file(s) with Rd \link{} targets missing package
anchors:
mediate_hdmm.Rd: mediate
mediate_hima.Rd: hdi
Please provide package anchors for all Rd \link{} targets not in the
package itself and the base packages.
Flavors: r-devel-linux-x86_64-debian-clang, r-devel-linux-x86_64-debian-gcc, r-devel-windows-x86_64, r-patched-linux-x86_64, r-release-linux-x86_64, r-release-windows-x86_64