Last updated on 2025-05-19 01:49:55 CEST.
Flavor | Version | Tinstall | Tcheck | Ttotal | Status | Flags |
---|---|---|---|---|---|---|
r-devel-linux-x86_64-debian-clang | 2.2.6.3 | 2.50 | 32.32 | 34.82 | NOTE | |
r-devel-linux-x86_64-debian-gcc | 2.2.6.3 | 2.03 | 24.55 | 26.58 | NOTE | |
r-devel-linux-x86_64-fedora-clang | 2.2.6.3 | 55.42 | OK | |||
r-devel-linux-x86_64-fedora-gcc | 2.2.6.3 | 51.76 | OK | |||
r-devel-windows-x86_64 | 2.2.6.3 | 4.00 | 62.00 | 66.00 | OK | |
r-patched-linux-x86_64 | 2.2.6.3 | 2.82 | 31.67 | 34.49 | NOTE | |
r-release-linux-x86_64 | 2.2.6.3 | 2.12 | 31.34 | 33.46 | NOTE | |
r-release-macos-arm64 | 2.2.6.3 | 22.00 | OK | |||
r-release-macos-x86_64 | 2.2.6.3 | 34.00 | OK | |||
r-release-windows-x86_64 | 2.2.6.3 | 4.00 | 64.00 | 68.00 | OK | |
r-oldrel-macos-arm64 | 2.2.6.3 | 25.00 | OK | |||
r-oldrel-macos-x86_64 | 2.2.6.3 | 30.00 | OK | |||
r-oldrel-windows-x86_64 | 2.2.6.3 | 5.00 | 60.00 | 65.00 | OK |
Version: 2.2.6.3
Check: for unstated dependencies in ‘demo’
Result: NOTE
'library' or 'require' call not declared from: ‘rbenchmark’
Flavors: r-devel-linux-x86_64-debian-clang, r-devel-linux-x86_64-debian-gcc, r-patched-linux-x86_64, r-release-linux-x86_64