Last updated on 2024-06-30 00:59:15 CEST.
Flavor | Version | Tinstall | Tcheck | Ttotal | Status | Flags |
---|---|---|---|---|---|---|
r-devel-linux-x86_64-debian-clang | 1.2.0 | 80.99 | 220.44 | 301.43 | OK | |
r-devel-linux-x86_64-debian-gcc | 1.2.0 | 57.52 | 161.59 | 219.11 | OK | |
r-devel-linux-x86_64-fedora-clang | 1.2.0 | 405.87 | NOTE | |||
r-devel-linux-x86_64-fedora-gcc | 1.2.0 | 415.38 | OK | |||
r-devel-windows-x86_64 | 1.2.0 | 68.00 | 195.00 | 263.00 | NOTE | |
r-patched-linux-x86_64 | 1.2.0 | 77.94 | 209.98 | 287.92 | OK | |
r-release-linux-x86_64 | 1.2.0 | 53.45 | 203.76 | 257.21 | OK | |
r-release-macos-arm64 | 1.2.0 | 110.00 | NOTE | |||
r-release-macos-x86_64 | 1.2.0 | 239.00 | NOTE | |||
r-release-windows-x86_64 | 1.2.0 | 70.00 | 196.00 | 266.00 | NOTE | |
r-oldrel-macos-arm64 | 1.2.0 | 108.00 | NOTE | |||
r-oldrel-macos-x86_64 | 1.2.0 | 231.00 | NOTE | |||
r-oldrel-windows-x86_64 | 1.2.0 | 85.00 | 230.00 | 315.00 | NOTE |
Version: 1.2.0
Check: installed package size
Result: NOTE
installed size is 6.2Mb
sub-directories of 1Mb or more:
data 2.7Mb
doc 2.6Mb
Flavors: r-devel-linux-x86_64-fedora-clang, r-devel-windows-x86_64, r-release-macos-arm64, r-release-macos-x86_64, r-release-windows-x86_64, r-oldrel-macos-arm64, r-oldrel-macos-x86_64, r-oldrel-windows-x86_64