CRAN Package Check Results for Package hablar

Last updated on 2025-07-21 01:49:05 CEST.

Flavor Version Tinstall Tcheck Ttotal Status Flags
r-devel-linux-x86_64-debian-clang 0.3.2 4.98 58.26 63.24 NOTE
r-devel-linux-x86_64-debian-gcc 0.3.2 3.27 44.52 47.79 NOTE
r-devel-linux-x86_64-fedora-clang 0.3.2 92.53 OK
r-devel-linux-x86_64-fedora-gcc 0.3.2 102.42 OK
r-devel-windows-x86_64 0.3.2 7.00 75.00 82.00 OK
r-patched-linux-x86_64 0.3.2 3.34 53.58 56.92 OK
r-release-linux-x86_64 0.3.2 4.50 53.53 58.03 OK
r-release-macos-arm64 0.3.2 58.00 OK
r-release-macos-x86_64 0.3.2 71.00 OK
r-release-windows-x86_64 0.3.2 7.00 73.00 80.00 OK
r-oldrel-macos-arm64 0.3.2 39.00 OK
r-oldrel-macos-x86_64 0.3.2 58.00 OK
r-oldrel-windows-x86_64 0.3.2 9.00 90.00 99.00 OK

Check Details

Version: 0.3.2
Check: CRAN incoming feasibility
Result: NOTE Maintainer: ‘David Sjoberg <dav.sjob@gmail.com>’ No Authors@R field in DESCRIPTION. Please add one, modifying Authors@R: person(given = "David", family = "Sjoberg", role = c("aut", "cre"), email = "dav.sjob@gmail.com") as necessary. Flavors: r-devel-linux-x86_64-debian-clang, r-devel-linux-x86_64-debian-gcc