CRAN Package Check Results for Package growth

Last updated on 2025-05-19 12:50:05 CEST.

Flavor Version Tinstall Tcheck Ttotal Status Flags
r-devel-linux-x86_64-debian-clang 1.1.1 8.63 32.16 40.79 NOTE
r-devel-linux-x86_64-debian-gcc 1.1.1 6.40 23.43 29.83 NOTE
r-devel-linux-x86_64-fedora-clang 1.1.1 67.49 NOTE
r-devel-linux-x86_64-fedora-gcc 1.1.1 62.27 NOTE
r-devel-windows-x86_64 1.1.1 12.00 58.00 70.00 NOTE
r-patched-linux-x86_64 1.1.1 8.49 29.65 38.14 NOTE
r-release-linux-x86_64 1.1.1 8.03 29.56 37.59 NOTE
r-release-macos-arm64 1.1.1 21.00 NOTE
r-release-macos-x86_64 1.1.1 41.00 NOTE
r-release-windows-x86_64 1.1.1 11.00 55.00 66.00 NOTE
r-oldrel-macos-arm64 1.1.1 21.00 NOTE
r-oldrel-macos-x86_64 1.1.1 33.00 NOTE
r-oldrel-windows-x86_64 1.1.1 11.00 50.00 61.00 NOTE

Check Details

Version: 1.1.1
Check: package subdirectories
Result: NOTE Problems with news in ‘NEWS.md’: No news entries found. Flavors: r-devel-linux-x86_64-debian-clang, r-devel-linux-x86_64-debian-gcc, r-devel-linux-x86_64-fedora-clang, r-devel-linux-x86_64-fedora-gcc, r-devel-windows-x86_64, r-patched-linux-x86_64, r-release-linux-x86_64, r-release-macos-arm64, r-release-macos-x86_64, r-release-windows-x86_64, r-oldrel-macos-arm64, r-oldrel-macos-x86_64, r-oldrel-windows-x86_64

Version: 1.1.1
Check: LazyData
Result: NOTE 'LazyData' is specified without a 'data' directory Flavors: r-oldrel-macos-arm64, r-oldrel-macos-x86_64, r-oldrel-windows-x86_64