Last updated on 2024-06-30 00:59:15 CEST.
Flavor | Version | Tinstall | Tcheck | Ttotal | Status | Flags |
---|---|---|---|---|---|---|
r-devel-linux-x86_64-debian-clang | 0.1.0 | 6.53 | 120.22 | 126.75 | OK | |
r-devel-linux-x86_64-debian-gcc | 0.1.0 | 3.81 | 82.67 | 86.48 | OK | |
r-devel-linux-x86_64-fedora-clang | 0.1.0 | 152.82 | NOTE | |||
r-devel-linux-x86_64-fedora-gcc | 0.1.0 | 145.16 | NOTE | |||
r-devel-windows-x86_64 | 0.1.0 | 8.00 | 109.00 | 117.00 | OK | |
r-patched-linux-x86_64 | 0.1.0 | 6.73 | 111.30 | 118.03 | OK | |
r-release-linux-x86_64 | 0.1.0 | 3.69 | 112.44 | 116.13 | OK | |
r-release-macos-arm64 | 0.1.0 | 38.00 | OK | |||
r-release-macos-x86_64 | 0.1.0 | 71.00 | OK | |||
r-release-windows-x86_64 | 0.1.0 | 6.00 | 99.00 | 105.00 | OK | |
r-oldrel-macos-arm64 | 0.1.0 | 45.00 | OK | |||
r-oldrel-macos-x86_64 | 0.1.0 | 97.00 | OK | |||
r-oldrel-windows-x86_64 | 0.1.0 | 8.00 | 123.00 | 131.00 | OK |
Version: 0.1.0
Check: dependencies in R code
Result: NOTE
Namespaces in Imports field not imported from:
‘ggplot2’ ‘gridExtra’ ‘methods’ ‘tidyr’
All declared Imports should be used.
Flavors: r-devel-linux-x86_64-fedora-clang, r-devel-linux-x86_64-fedora-gcc