Last updated on 2025-04-29 01:49:34 CEST.
Flavor | Version | Tinstall | Tcheck | Ttotal | Status | Flags |
---|---|---|---|---|---|---|
r-devel-linux-x86_64-debian-clang | 1.0.0 | 10.57 | 106.42 | 116.99 | OK | |
r-devel-linux-x86_64-debian-gcc | 1.0.0 | 7.54 | 80.63 | 88.17 | OK | |
r-devel-linux-x86_64-fedora-clang | 1.0.0 | 186.82 | NOTE | |||
r-devel-linux-x86_64-fedora-gcc | 1.0.0 | 190.57 | NOTE | |||
r-devel-windows-x86_64 | 1.0.0 | 11.00 | 118.00 | 129.00 | OK | |
r-patched-linux-x86_64 | 1.0.0 | 10.68 | 108.97 | 119.65 | OK | |
r-release-linux-x86_64 | 1.0.0 | 9.40 | 107.20 | 116.60 | OK | |
r-release-macos-arm64 | 1.0.0 | 90.00 | OK | |||
r-release-macos-x86_64 | 1.0.0 | 105.00 | OK | |||
r-release-windows-x86_64 | 1.0.0 | 12.00 | 139.00 | 151.00 | OK | |
r-oldrel-macos-arm64 | 1.0.0 | 58.00 | NOTE | |||
r-oldrel-macos-x86_64 | 1.0.0 | 87.00 | NOTE | |||
r-oldrel-windows-x86_64 | 1.0.0 | 16.00 | 164.00 | 180.00 | NOTE |
Version: 1.0.0
Check: dependencies in R code
Result: NOTE
Namespace in Imports field not imported from: ‘reshape2’
All declared Imports should be used.
Flavors: r-devel-linux-x86_64-fedora-clang, r-devel-linux-x86_64-fedora-gcc
Version: 1.0.0
Check: LazyData
Result: NOTE
'LazyData' is specified without a 'data' directory
Flavors: r-oldrel-macos-arm64, r-oldrel-macos-x86_64, r-oldrel-windows-x86_64