Last updated on 2024-06-30 00:59:15 CEST.
Flavor | Version | Tinstall | Tcheck | Ttotal | Status | Flags |
---|---|---|---|---|---|---|
r-devel-linux-x86_64-debian-clang | 4.0.1 | 17.52 | 210.53 | 228.05 | OK | |
r-devel-linux-x86_64-debian-gcc | 4.0.1 | 14.72 | 153.86 | 168.58 | OK | |
r-devel-linux-x86_64-fedora-clang | 4.0.1 | 306.54 | NOTE | |||
r-devel-linux-x86_64-fedora-gcc | 4.0.1 | 268.17 | OK | |||
r-devel-windows-x86_64 | 4.0.1 | 18.00 | 169.00 | 187.00 | NOTE | |
r-patched-linux-x86_64 | 4.0.1 | 19.48 | 199.65 | 219.13 | OK | |
r-release-linux-x86_64 | 4.0.1 | 13.62 | 195.89 | 209.51 | OK | |
r-release-macos-arm64 | 4.0.1 | 68.00 | NOTE | |||
r-release-macos-x86_64 | 4.0.1 | 108.00 | NOTE | |||
r-release-windows-x86_64 | 4.0.1 | 18.00 | 174.00 | 192.00 | NOTE | |
r-oldrel-macos-arm64 | 4.0.1 | 89.00 | NOTE | |||
r-oldrel-macos-x86_64 | 4.0.1 | 190.00 | NOTE | |||
r-oldrel-windows-x86_64 | 4.0.1 | 23.00 | 222.00 | 245.00 | NOTE |
Version: 4.0.1
Check: installed package size
Result: NOTE
installed size is 5.5Mb
sub-directories of 1Mb or more:
help 5.2Mb
Flavors: r-devel-linux-x86_64-fedora-clang, r-devel-windows-x86_64, r-release-macos-arm64, r-release-macos-x86_64, r-release-windows-x86_64, r-oldrel-macos-arm64, r-oldrel-macos-x86_64, r-oldrel-windows-x86_64
Version: 4.0.1
Check: Rd cross-references
Result: NOTE
Undeclared package ‘gratia’ in Rd xrefs
Flavor: r-devel-linux-x86_64-fedora-clang