Last updated on 2025-04-29 01:49:34 CEST.
Flavor | Version | Tinstall | Tcheck | Ttotal | Status | Flags |
---|---|---|---|---|---|---|
r-devel-linux-x86_64-debian-clang | 5.0.0.1 | 16.71 | 166.76 | 183.47 | OK | |
r-devel-linux-x86_64-debian-gcc | 5.0.0.1 | 10.57 | 122.46 | 133.03 | OK | |
r-devel-linux-x86_64-fedora-clang | 5.0.0.1 | 319.95 | OK | |||
r-devel-linux-x86_64-fedora-gcc | 5.0.0.1 | 302.17 | OK | |||
r-devel-windows-x86_64 | 5.0.0.1 | 21.00 | 186.00 | 207.00 | OK | |
r-patched-linux-x86_64 | 5.0.0.1 | 18.05 | 167.91 | 185.96 | OK | |
r-release-linux-x86_64 | 5.0.0.1 | 15.56 | 166.87 | 182.43 | OK | |
r-release-macos-arm64 | 5.0.0.1 | 72.00 | OK | |||
r-release-macos-x86_64 | 5.0.0.1 | 121.00 | OK | |||
r-release-windows-x86_64 | 5.0.0.1 | 21.00 | 178.00 | 199.00 | OK | |
r-oldrel-macos-arm64 | 5.0.0.1 | 73.00 | NOTE | |||
r-oldrel-macos-x86_64 | 5.0.0.1 | 118.00 | NOTE | |||
r-oldrel-windows-x86_64 | 5.0.0.1 | 27.00 | 233.00 | 260.00 | NOTE |
Version: 5.0.0.1
Check: installed package size
Result: NOTE
installed size is 5.5Mb
sub-directories of 1Mb or more:
help 5.2Mb
Flavors: r-oldrel-macos-arm64, r-oldrel-macos-x86_64, r-oldrel-windows-x86_64