Last updated on 2025-05-19 12:50:05 CEST.
Flavor | Version | Tinstall | Tcheck | Ttotal | Status | Flags |
---|---|---|---|---|---|---|
r-devel-linux-x86_64-debian-clang | 1.2 | 11.30 | 61.18 | 72.48 | NOTE | |
r-devel-linux-x86_64-debian-gcc | 1.2 | 7.75 | 44.68 | 52.43 | NOTE | |
r-devel-linux-x86_64-fedora-clang | 1.2 | 116.52 | OK | |||
r-devel-linux-x86_64-fedora-gcc | 1.2 | 108.03 | OK | |||
r-devel-windows-x86_64 | 1.2 | 14.00 | 101.00 | 115.00 | OK | |
r-patched-linux-x86_64 | 1.2 | 10.97 | 57.65 | 68.62 | OK | |
r-release-linux-x86_64 | 1.2 | 9.76 | 57.75 | 67.51 | OK | |
r-release-macos-arm64 | 1.2 | 41.00 | OK | |||
r-release-macos-x86_64 | 1.2 | 100.00 | OK | |||
r-release-windows-x86_64 | 1.2 | 15.00 | 83.00 | 98.00 | OK | |
r-oldrel-macos-arm64 | 1.2 | 35.00 | OK | |||
r-oldrel-macos-x86_64 | 1.2 | 88.00 | OK | |||
r-oldrel-windows-x86_64 | 1.2 | 19.00 | 93.00 | 112.00 | OK |
Version: 1.2
Check: CRAN incoming feasibility
Result: NOTE
Maintainer: ‘Zheyuan Li <zheyuan.li@bath.edu>’
The Description field contains
difference penalty, proposed by Li and Cao (2022) <arXiv:2201.06808>.
Please refer to arXiv e-prints via their arXiv DOI <doi:10.48550/arXiv.YYMM.NNNNN>.
Flavors: r-devel-linux-x86_64-debian-clang, r-devel-linux-x86_64-debian-gcc