CRAN Package Check Results for Package glossr

Last updated on 2025-04-29 01:49:34 CEST.

Flavor Version Tinstall Tcheck Ttotal Status Flags
r-devel-linux-x86_64-debian-clang 0.8.0 5.26 60.84 66.10 OK
r-devel-linux-x86_64-debian-gcc 0.8.0 3.71 45.50 49.21 OK
r-devel-linux-x86_64-fedora-clang 0.8.0 115.07 NOTE
r-devel-linux-x86_64-fedora-gcc 0.8.0 116.57 NOTE
r-devel-windows-x86_64 0.8.0 7.00 81.00 88.00 OK
r-patched-linux-x86_64 0.8.0 5.38 60.78 66.16 OK
r-release-linux-x86_64 0.8.0 4.85 58.10 62.95 OK
r-release-macos-arm64 0.8.0 55.00 OK
r-release-macos-x86_64 0.8.0 74.00 OK
r-release-windows-x86_64 0.8.0 8.00 92.00 100.00 OK
r-oldrel-macos-arm64 0.8.0 43.00 OK
r-oldrel-macos-x86_64 0.8.0 61.00 OK
r-oldrel-windows-x86_64 0.8.0 8.00 90.00 98.00 OK

Check Details

Version: 0.8.0
Check: dependencies in R code
Result: NOTE Namespace in Imports field not imported from: ‘rlang’ All declared Imports should be used. Flavors: r-devel-linux-x86_64-fedora-clang, r-devel-linux-x86_64-fedora-gcc