Last updated on 2025-04-29 01:49:34 CEST.
Flavor | Version | Tinstall | Tcheck | Ttotal | Status | Flags |
---|---|---|---|---|---|---|
r-devel-linux-x86_64-debian-clang | 1.5 | 7.70 | 60.11 | 67.81 | OK | |
r-devel-linux-x86_64-debian-gcc | 1.5 | 5.51 | 44.92 | 50.43 | NOTE | |
r-devel-linux-x86_64-fedora-clang | 1.5 | 106.77 | OK | |||
r-devel-linux-x86_64-fedora-gcc | 1.5 | 106.04 | OK | |||
r-devel-windows-x86_64 | 1.5 | 8.00 | 72.00 | 80.00 | OK | |
r-patched-linux-x86_64 | 1.5 | 7.41 | 60.90 | 68.31 | OK | |
r-release-linux-x86_64 | 1.5 | 6.75 | 57.73 | 64.48 | OK | |
r-release-macos-arm64 | 1.5 | 38.00 | OK | |||
r-release-macos-x86_64 | 1.5 | 68.00 | OK | |||
r-release-windows-x86_64 | 1.5 | 9.00 | 72.00 | 81.00 | OK | |
r-oldrel-macos-arm64 | 1.5 | 34.00 | OK | |||
r-oldrel-macos-x86_64 | 1.5 | 49.00 | OK | |||
r-oldrel-windows-x86_64 | 1.5 | 11.00 | 89.00 | 100.00 | OK |
Version: 1.5
Check: CRAN incoming feasibility
Result: NOTE
Maintainer: ‘Yi Yang <yi.yang6@mcgill.ca>’
No Authors@R field in DESCRIPTION.
Please add one, modifying
Authors@R: c(person(given = "Ying",
family = "Nan",
role = "aut",
email = "nanx0006@gmail.com"),
person(given = "Yanjia",
family = "Yu",
role = "aut",
email = "yuxxx748@umn.edu"),
person(given = "Yi",
family = "Yang",
role = c("aut", "cre"),
email = "yi.yang6@mcgill.ca"),
person(given = "Yuhong",
family = "Yang",
role = "aut",
email = "yyang@stat.umn.edu"))
as necessary.
Flavor: r-devel-linux-x86_64-debian-gcc