Last updated on 2024-06-30 00:59:15 CEST.
Flavor | Version | Tinstall | Tcheck | Ttotal | Status | Flags |
---|---|---|---|---|---|---|
r-devel-linux-x86_64-debian-clang | 0.6.2 | 27.55 | 407.64 | 435.19 | OK | |
r-devel-linux-x86_64-debian-gcc | 0.6.2 | 18.03 | 301.11 | 319.14 | OK | |
r-devel-linux-x86_64-fedora-clang | 0.6.2 | 534.47 | NOTE | |||
r-devel-linux-x86_64-fedora-gcc | 0.6.2 | 538.26 | NOTE | |||
r-devel-windows-x86_64 | 0.6.2 | 24.00 | 352.00 | 376.00 | OK | |
r-patched-linux-x86_64 | 0.6.2 | 21.18 | 385.98 | 407.16 | OK | |
r-release-linux-x86_64 | 0.6.2 | 25.68 | 393.21 | 418.89 | OK | |
r-release-macos-arm64 | 0.6.2 | 117.00 | OK | |||
r-release-macos-x86_64 | 0.6.2 | 254.00 | OK | |||
r-release-windows-x86_64 | 0.6.2 | 24.00 | 342.00 | 366.00 | OK | |
r-oldrel-macos-arm64 | 0.6.2 | 164.00 | OK | |||
r-oldrel-macos-x86_64 | 0.6.2 | 378.00 | OK | |||
r-oldrel-windows-x86_64 | 0.6.2 | 30.00 | 386.00 | 416.00 | OK |
Version: 0.6.2
Check: data for non-ASCII characters
Result: NOTE
Note: found 208 marked UTF-8 strings
Flavors: r-devel-linux-x86_64-fedora-clang, r-devel-linux-x86_64-fedora-gcc